CRAN Package Check Results for Package yhat

Last updated on 2024-07-25 01:55:55 CEST.

Flavor Version Tinstall Tcheck Ttotal Status Flags
r-devel-linux-x86_64-debian-clang 2.0-4 4.41 48.95 53.36 NOTE
r-devel-linux-x86_64-debian-gcc 2.0-4 2.55 37.47 40.02 NOTE
r-devel-linux-x86_64-fedora-clang 2.0-4 66.57 NOTE
r-devel-linux-x86_64-fedora-gcc 2.0-4 63.41 NOTE
r-devel-windows-x86_64 2.0-4 5.00 63.00 68.00 NOTE
r-patched-linux-x86_64 2.0-4 3.22 48.64 51.86 NOTE
r-release-linux-x86_64 2.0-4 3.93 49.84 53.77 NOTE
r-release-macos-arm64 2.0-4 24.00 NOTE
r-release-macos-x86_64 2.0-4 38.00 NOTE
r-release-windows-x86_64 2.0-4 4.00 63.00 67.00 NOTE
r-oldrel-macos-arm64 2.0-4 23.00 OK
r-oldrel-macos-x86_64 2.0-4 57.00 OK
r-oldrel-windows-x86_64 2.0-4 6.00 70.00 76.00 OK

Check Details

Version: 2.0-4
Check: Rd files
Result: NOTE checkRd: (-1) boot.yhat.Rd:3: Lost braces 3 | \title{Bootstrap metrics produced from /code{calc.yhat}} | ^ checkRd: (-1) boot.yhat.Rd:19: Lost braces 19 | Ouput of /code{lm} | ^ checkRd: (-1) boot.yhat.Rd:22: Lost braces 22 | Output of /code{calc.yhat} | ^ checkRd: (-1) booteval.yhat.rd:3: Lost braces 3 | \title{Evaluate bootstrap metrics produced from /code{calc.yhat}} | ^ checkRd: (-1) booteval.yhat.rd:5: Lost braces 5 | This function evaluates the bootstrap metrics produced from /code{boot.yhat}. | ^ checkRd: (-1) combCI.rd:26: Lost braces 26 | This function evaluates the bootstrap metrics produced from /code{boot.yhat}. | ^ checkRd: (-1) commonality.rd:12: Lost braces 12 | Output from /code{aps} | ^ checkRd: (-1) dombin.rd:12: Lost braces 12 | Output from /code{dominance} | ^ checkRd: (-1) dominance.rd:12: Lost braces 12 | Output from /code{aps} | ^ checkRd: (-1) plotCI.yhat.rd:5: Lost braces 5 | This function plots CIs that have been produced from /code{booteval.yhat}. | ^ checkRd: (-1) plotCI.yhat.rd:32: Lost braces 32 | This function plots CIs that have been produced from /code{booteval.yhat}. | ^ checkRd: (-1) plotCI.yhat.rd:35: Lost braces 35 | This returns a plot of CIs that have been produced from /code{booteval.yhat}. | ^ Flavors: r-devel-linux-x86_64-debian-clang, r-devel-linux-x86_64-debian-gcc, r-devel-linux-x86_64-fedora-clang, r-devel-linux-x86_64-fedora-gcc, r-devel-windows-x86_64, r-patched-linux-x86_64, r-release-linux-x86_64, r-release-macos-arm64, r-release-macos-x86_64, r-release-windows-x86_64

Version: 2.0-4
Check: Rd cross-references
Result: NOTE Found the following Rd file(s) with Rd \link{} targets missing package anchors: boot.yhat.Rd: boot booteval.yhat.rd: boot plotCI.yhat.rd: boot Please provide package anchors for all Rd \link{} targets not in the package itself and the base packages. Flavors: r-devel-linux-x86_64-debian-gcc, r-devel-windows-x86_64