Last updated on 2023-12-06 12:53:53 CET.
Flavor | Version | Tinstall | Tcheck | Ttotal | Status | Flags |
---|---|---|---|---|---|---|
r-devel-linux-x86_64-debian-clang | 1.1.0 | 32.28 | 87.76 | 120.04 | OK | |
r-devel-linux-x86_64-debian-gcc | 1.1.0 | 29.57 | 65.69 | 95.26 | OK | |
r-devel-linux-x86_64-fedora-clang | 1.1.0 | 161.69 | NOTE | |||
r-devel-linux-x86_64-fedora-gcc | 1.1.0 | 152.94 | NOTE | |||
r-devel-windows-x86_64 | 1.1.0 | 33.00 | 78.00 | 111.00 | OK | |
r-patched-linux-x86_64 | 1.1.0 | 26.45 | 82.40 | 108.85 | OK | |
r-release-linux-x86_64 | 1.1.0 | 23.70 | 83.60 | 107.30 | OK | |
r-release-macos-arm64 | 1.1.0 | 62.00 | OK | |||
r-release-macos-x86_64 | 1.1.0 | 97.00 | OK | |||
r-release-windows-x86_64 | 1.1.0 | 46.00 | 86.00 | 132.00 | OK | |
r-oldrel-macos-arm64 | 1.1.0 | 66.00 | NOTE | |||
r-oldrel-macos-x86_64 | 1.1.0 | 106.00 | NOTE | |||
r-oldrel-windows-x86_64 | 1.1.0 | 46.00 | 84.00 | 130.00 | OK |
Version: 1.1.0
Check: dependencies in R code
Result: NOTE
Namespace in Imports field not imported from: ‘spelling’
All declared Imports should be used.
Flavors: r-devel-linux-x86_64-fedora-clang, r-devel-linux-x86_64-fedora-gcc, r-oldrel-macos-arm64, r-oldrel-macos-x86_64