Last updated on 2023-12-06 01:56:22 CET.
Flavor | Version | Tinstall | Tcheck | Ttotal | Status | Flags |
---|---|---|---|---|---|---|
r-devel-linux-x86_64-debian-clang | 0.3.5 | 40.82 | 263.61 | 304.43 | OK | |
r-devel-linux-x86_64-debian-gcc | 0.3.5 | 25.76 | 209.75 | 235.51 | OK | |
r-devel-linux-x86_64-fedora-clang | 0.3.5 | 541.22 | NOTE | |||
r-devel-linux-x86_64-fedora-gcc | 0.3.5 | 375.11 | NOTE | |||
r-devel-windows-x86_64 | 0.3.5 | 31.00 | 257.00 | 288.00 | OK | |
r-patched-linux-x86_64 | 0.3.5 | 28.00 | 245.86 | 273.86 | OK | |
r-release-linux-x86_64 | 0.3.5 | 25.61 | 247.84 | 273.45 | OK | |
r-release-macos-arm64 | 0.3.5 | 138.00 | OK | |||
r-release-macos-x86_64 | 0.3.5 | 261.00 | OK | |||
r-release-windows-x86_64 | 0.3.5 | 43.00 | 356.00 | 399.00 | OK | |
r-oldrel-macos-arm64 | 0.3.5 | 124.00 | NOTE | |||
r-oldrel-macos-x86_64 | 0.3.5 | 176.00 | NOTE | |||
r-oldrel-windows-x86_64 | 0.3.5 | 43.00 | 341.00 | 384.00 | OK |
Version: 0.3.5
Check: data for non-ASCII characters
Result: NOTE
Note: found 5 marked UTF-8 strings
Flavors: r-devel-linux-x86_64-fedora-clang, r-devel-linux-x86_64-fedora-gcc, r-oldrel-macos-arm64, r-oldrel-macos-x86_64