Last updated on 2024-08-16 00:48:15 CEST.
Flavor | Version | Tinstall | Tcheck | Ttotal | Status | Flags |
---|---|---|---|---|---|---|
r-devel-linux-x86_64-debian-clang | 2.2.2 | 6.50 | 34.11 | 40.61 | OK | |
r-devel-linux-x86_64-debian-gcc | 2.2.2 | 4.06 | 24.86 | 28.92 | OK | |
r-devel-linux-x86_64-fedora-clang | 2.2.2 | 67.80 | OK | |||
r-devel-linux-x86_64-fedora-gcc | 2.2.2 | 73.78 | OK | |||
r-devel-windows-x86_64 | 2.2.2 | 9.00 | 58.00 | 67.00 | OK | |
r-patched-linux-x86_64 | 2.2.2 | 7.16 | 32.38 | 39.54 | OK | |
r-release-linux-x86_64 | 2.2.2 | 6.43 | 32.45 | 38.88 | OK | |
r-release-macos-arm64 | 2.2.2 | 28.00 | OK | |||
r-release-macos-x86_64 | 2.2.2 | 60.00 | NOTE | |||
r-release-windows-x86_64 | 2.2.2 | 8.00 | 57.00 | 65.00 | OK | |
r-oldrel-macos-arm64 | 2.2.2 | 28.00 | OK | |||
r-oldrel-macos-x86_64 | 2.2.2 | 43.00 | NOTE | |||
r-oldrel-windows-x86_64 | 2.2.2 | 10.00 | 61.00 | 71.00 | OK |
Version: 2.2.2
Check: package dependencies
Result: NOTE
Package suggested but not available for checking: ‘AzureKeyVault’
Flavors: r-release-macos-x86_64, r-oldrel-macos-x86_64