Last updated on 2024-08-16 00:48:15 CEST.
Flavor | Version | Tinstall | Tcheck | Ttotal | Status | Flags |
---|---|---|---|---|---|---|
r-devel-linux-x86_64-debian-clang | 0.3.3 | 14.67 | 109.58 | 124.25 | NOTE | |
r-devel-linux-x86_64-debian-gcc | 0.3.3 | 10.35 | 76.38 | 86.73 | NOTE | |
r-devel-linux-x86_64-fedora-clang | 0.3.3 | 193.93 | NOTE | |||
r-devel-linux-x86_64-fedora-gcc | 0.3.3 | 195.23 | NOTE | |||
r-devel-windows-x86_64 | 0.3.3 | 16.00 | 111.00 | 127.00 | NOTE | |
r-patched-linux-x86_64 | 0.3.3 | 12.39 | 100.35 | 112.74 | NOTE | |
r-release-linux-x86_64 | 0.3.3 | 11.94 | 102.26 | 114.20 | NOTE | |
r-release-macos-arm64 | 0.3.3 | 60.00 | NOTE | |||
r-release-macos-x86_64 | 0.3.3 | 90.00 | NOTE | |||
r-release-windows-x86_64 | 0.3.3 | 17.00 | 111.00 | 128.00 | NOTE | |
r-oldrel-macos-arm64 | 0.3.3 | 57.00 | NOTE | |||
r-oldrel-macos-x86_64 | 0.3.3 | 90.00 | NOTE | |||
r-oldrel-windows-x86_64 | 0.3.3 | 19.00 | 132.00 | 151.00 | NOTE |
Version: 0.3.3
Check: Rd files
Result: NOTE
checkRd: (-1) posteriorFeasibility.Rd:25: Escaped LaTeX specials: \#
checkRd: (-1) sp500Returns.Rd:4: Escaped LaTeX specials: \&
Flavors: r-devel-linux-x86_64-debian-clang, r-devel-linux-x86_64-debian-gcc, r-devel-linux-x86_64-fedora-clang, r-devel-linux-x86_64-fedora-gcc, r-devel-windows-x86_64, r-patched-linux-x86_64, r-release-linux-x86_64, r-release-macos-arm64, r-release-macos-x86_64, r-release-windows-x86_64, r-oldrel-macos-arm64, r-oldrel-macos-x86_64, r-oldrel-windows-x86_64
Version: 0.3.3
Check: dependencies in R code
Result: NOTE
Namespaces in Imports field not imported from:
‘knitr’ ‘rmarkdown’
All declared Imports should be used.
Flavors: r-devel-linux-x86_64-fedora-clang, r-devel-linux-x86_64-fedora-gcc