Last updated on 2024-06-14 13:56:15 CEST.
Flavor | Version | Tinstall | Tcheck | Ttotal | Status | Flags |
---|---|---|---|---|---|---|
r-devel-linux-x86_64-debian-clang | 1.1.5 | 251.41 | 162.78 | 414.19 | OK | |
r-devel-linux-x86_64-debian-gcc | 1.1.5 | 200.05 | 131.63 | 331.68 | OK | |
r-devel-linux-x86_64-fedora-clang | 1.1.5 | 501.42 | NOTE | |||
r-devel-linux-x86_64-fedora-gcc | 1.1.5 | 620.58 | NOTE | |||
r-devel-windows-x86_64 | 1.1.5 | 174.00 | 169.00 | 343.00 | OK | |
r-patched-linux-x86_64 | 1.1.5 | 155.40 | 173.84 | 329.24 | OK | |
r-release-linux-x86_64 | 1.1.5 | 171.68 | 174.32 | 346.00 | OK | |
r-release-macos-arm64 | 1.1.5 | 133.00 | NOTE | |||
r-release-macos-x86_64 | 1.1.5 | 270.00 | NOTE | |||
r-release-windows-x86_64 | 1.1.5 | 163.00 | 176.00 | 339.00 | FAIL | |
r-oldrel-macos-arm64 | 1.1.5 | 125.00 | NOTE | |||
r-oldrel-macos-x86_64 | 1.1.5 | 230.00 | NOTE | |||
r-oldrel-windows-x86_64 | 1.1.5 | 226.00 | 201.00 | 427.00 | OK |
Version: 1.1.5
Check: for GNU extensions in Makefiles
Result: NOTE
GNU make is a SystemRequirements.
Flavors: r-devel-linux-x86_64-fedora-clang, r-devel-linux-x86_64-fedora-gcc, r-release-macos-arm64, r-release-macos-x86_64, r-oldrel-macos-arm64, r-oldrel-macos-x86_64
Version: 1.1.5
Check: installed package size
Result: NOTE
installed size is 62.8Mb
sub-directories of 1Mb or more:
libs 62.2Mb
Flavors: r-release-macos-arm64, r-release-macos-x86_64, r-oldrel-macos-arm64, r-oldrel-macos-x86_64
Version: 1.1.5
Check: PDF version of manual
Result: FAIL
Flavor: r-release-windows-x86_64