Last updated on 2024-08-16 00:48:16 CEST.
Flavor | Version | Tinstall | Tcheck | Ttotal | Status | Flags |
---|---|---|---|---|---|---|
r-devel-linux-x86_64-debian-clang | 3.1.8 | 6.19 | 91.33 | 97.52 | NOTE | |
r-devel-linux-x86_64-debian-gcc | 3.1.8 | 4.90 | 61.59 | 66.49 | NOTE | |
r-devel-linux-x86_64-fedora-clang | 3.1.8 | 161.55 | OK | |||
r-devel-linux-x86_64-fedora-gcc | 3.1.8 | 164.94 | OK | |||
r-devel-windows-x86_64 | 3.1.8 | 7.00 | 118.00 | 125.00 | NOTE | |
r-patched-linux-x86_64 | 3.1.8 | 7.57 | 81.84 | 89.41 | OK | |
r-release-linux-x86_64 | 3.1.8 | 5.92 | 84.01 | 89.93 | OK | |
r-release-macos-arm64 | 3.1.8 | 54.00 | OK | |||
r-release-macos-x86_64 | 3.1.8 | 107.00 | OK | |||
r-release-windows-x86_64 | 3.1.8 | 9.00 | 115.00 | 124.00 | OK | |
r-oldrel-macos-arm64 | 3.1.8 | 53.00 | OK | |||
r-oldrel-macos-x86_64 | 3.1.8 | 101.00 | OK | |||
r-oldrel-windows-x86_64 | 3.1.8 | 8.00 | 119.00 | 127.00 | OK |
Version: 3.1.8
Check: Rd cross-references
Result: NOTE
Found the following Rd file(s) with Rd \link{} targets missing package
anchors:
cc01-0-MultiTtest-class.Rd: ExpressionSet-class, matrixT
Please provide package anchors for all Rd \link{} targets not in the
package itself and the base packages.
Flavors: r-devel-linux-x86_64-debian-clang, r-devel-linux-x86_64-debian-gcc, r-devel-windows-x86_64