Last updated on 2024-08-16 00:48:19 CEST.
Flavor | Version | Tinstall | Tcheck | Ttotal | Status | Flags |
---|---|---|---|---|---|---|
r-devel-linux-x86_64-debian-clang | 1.0 | 6.34 | 56.36 | 62.70 | NOTE | |
r-devel-linux-x86_64-debian-gcc | 1.0 | 4.65 | 39.50 | 44.15 | NOTE | |
r-devel-linux-x86_64-fedora-clang | 1.0 | 90.30 | NOTE | |||
r-devel-linux-x86_64-fedora-gcc | 1.0 | 86.39 | NOTE | |||
r-devel-windows-x86_64 | 1.0 | 6.00 | 64.00 | 70.00 | NOTE | |
r-patched-linux-x86_64 | 1.0 | 6.26 | 48.65 | 54.91 | NOTE | |
r-release-linux-x86_64 | 1.0 | 5.52 | 48.93 | 54.45 | NOTE | |
r-release-macos-arm64 | 1.0 | 29.00 | NOTE | |||
r-release-macos-x86_64 | 1.0 | 43.00 | NOTE | |||
r-release-windows-x86_64 | 1.0 | 7.00 | 66.00 | 73.00 | NOTE | |
r-oldrel-macos-arm64 | 1.0 | 30.00 | NOTE | |||
r-oldrel-macos-x86_64 | 1.0 | 50.00 | NOTE | |||
r-oldrel-windows-x86_64 | 1.0 | 7.00 | 76.00 | 83.00 | NOTE |
Version: 1.0
Check: LazyData
Result: NOTE
'LazyData' is specified without a 'data' directory
Flavors: r-devel-linux-x86_64-debian-clang, r-devel-linux-x86_64-debian-gcc, r-devel-linux-x86_64-fedora-clang, r-devel-linux-x86_64-fedora-gcc, r-devel-windows-x86_64, r-patched-linux-x86_64, r-release-linux-x86_64, r-release-macos-arm64, r-release-macos-x86_64, r-release-windows-x86_64, r-oldrel-macos-arm64, r-oldrel-macos-x86_64, r-oldrel-windows-x86_64