Last updated on 2024-07-13 12:48:14 CEST.
Flavor | Version | Tinstall | Tcheck | Ttotal | Status | Flags |
---|---|---|---|---|---|---|
r-devel-linux-x86_64-debian-clang | 1.4.0 | 28.86 | 433.73 | 462.59 | OK | |
r-devel-linux-x86_64-debian-gcc | 1.4.0 | 26.27 | 299.38 | 325.65 | OK | |
r-devel-linux-x86_64-fedora-clang | 1.4.0 | 379.12 | OK | |||
r-devel-linux-x86_64-fedora-gcc | 1.4.0 | 543.25 | OK | |||
r-devel-windows-x86_64 | 1.4.0 | 30.00 | 296.00 | 326.00 | OK | |
r-patched-linux-x86_64 | 1.4.0 | 26.42 | 401.73 | 428.15 | OK | |
r-release-linux-x86_64 | 1.3.7 | 31.29 | 420.36 | 451.65 | OK | |
r-release-macos-arm64 | 1.4.0 | 171.00 | NOTE | |||
r-release-macos-x86_64 | 1.4.0 | 427.00 | NOTE | |||
r-release-windows-x86_64 | 1.4.0 | 30.00 | 293.00 | 323.00 | OK | |
r-oldrel-macos-arm64 | 1.4.0 | 239.00 | NOTE | |||
r-oldrel-macos-x86_64 | 1.4.0 | 436.00 | NOTE | |||
r-oldrel-windows-x86_64 | 1.4.0 | 32.00 | 334.00 | 366.00 | OK |
Version: 1.4.0
Check: installed package size
Result: NOTE
installed size is 5.8Mb
sub-directories of 1Mb or more:
R 2.0Mb
doc 1.8Mb
help 1.1Mb
Flavors: r-release-macos-arm64, r-release-macos-x86_64, r-oldrel-macos-arm64, r-oldrel-macos-x86_64