Last updated on 2024-06-15 12:48:21 CEST.
Flavor | Version | Tinstall | Tcheck | Ttotal | Status | Flags |
---|---|---|---|---|---|---|
r-devel-linux-x86_64-debian-clang | 1.0.0 | 4.62 | 57.34 | 61.96 | OK | |
r-devel-linux-x86_64-debian-gcc | 1.0.0 | 4.27 | 45.77 | 50.04 | OK | |
r-devel-linux-x86_64-fedora-clang | 1.0.0 | 77.83 | OK | |||
r-devel-linux-x86_64-fedora-gcc | 1.0.0 | 74.88 | OK | |||
r-devel-windows-x86_64 | 1.0.0 | 6.00 | 64.00 | 70.00 | OK | |
r-patched-linux-x86_64 | 1.0.0 | 4.90 | 55.85 | 60.75 | OK | |
r-release-linux-x86_64 | 1.0.0 | 5.37 | 56.05 | 61.42 | OK | |
r-release-macos-arm64 | 1.0.0 | 28.00 | OK | |||
r-release-macos-x86_64 | 1.0.0 | 43.00 | OK | |||
r-release-windows-x86_64 | 1.0.0 | 6.00 | 6.00 | 12.00 | FAIL | |
r-oldrel-macos-arm64 | 1.0.0 | 32.00 | OK | |||
r-oldrel-macos-x86_64 | 1.0.0 | 48.00 | OK | |||
r-oldrel-windows-x86_64 | 1.0.0 | 7.00 | 73.00 | 80.00 | OK |
Version: 1.0.0
Check: package dependencies
Result: FAIL
Flavor: r-release-windows-x86_64