Last updated on 2024-08-16 12:49:09 CEST.
Flavor | Version | Tinstall | Tcheck | Ttotal | Status | Flags |
---|---|---|---|---|---|---|
r-devel-linux-x86_64-debian-clang | 1.0.2.1 | 12.39 | 93.25 | 105.64 | OK | |
r-devel-linux-x86_64-debian-gcc | 1.0.2.1 | 8.88 | 66.39 | 75.27 | OK | |
r-devel-linux-x86_64-fedora-clang | 1.0.2.1 | 173.40 | NOTE | |||
r-devel-linux-x86_64-fedora-gcc | 1.0.2.1 | 159.04 | NOTE | |||
r-devel-windows-x86_64 | 1.0.2.1 | 15.00 | 110.00 | 125.00 | OK | |
r-patched-linux-x86_64 | 1.0.2.1 | 13.33 | 86.57 | 99.90 | OK | |
r-release-linux-x86_64 | 1.0.2.1 | 13.93 | 87.49 | 101.42 | OK | |
r-release-macos-arm64 | 1.0.2.1 | 54.00 | OK | |||
r-release-macos-x86_64 | 1.0.2.1 | 83.00 | OK | |||
r-release-windows-x86_64 | 1.0.2.1 | 14.00 | 110.00 | 124.00 | OK | |
r-oldrel-macos-arm64 | 1.0.2.1 | 60.00 | OK | |||
r-oldrel-macos-x86_64 | 1.0.2.1 | 98.00 | OK | |||
r-oldrel-windows-x86_64 | 1.0.2.1 | 20.00 | 142.00 | 162.00 | OK |
Version: 1.0.2.1
Check: dependencies in R code
Result: NOTE
Namespaces in Imports field not imported from:
‘base’ ‘methods’
All declared Imports should be used.
Flavors: r-devel-linux-x86_64-fedora-clang, r-devel-linux-x86_64-fedora-gcc