Last updated on 2024-06-14 13:56:21 CEST.
Flavor | Version | Tinstall | Tcheck | Ttotal | Status | Flags |
---|---|---|---|---|---|---|
r-devel-linux-x86_64-debian-clang | 1.0.0 | 19.51 | 276.07 | 295.58 | OK | |
r-devel-linux-x86_64-debian-gcc | 1.0.0 | 17.52 | 203.68 | 221.20 | OK | |
r-devel-linux-x86_64-fedora-clang | 1.0.0 | 374.98 | NOTE | |||
r-devel-linux-x86_64-fedora-gcc | 1.0.0 | 368.35 | NOTE | |||
r-devel-windows-x86_64 | 1.0.0 | 18.00 | 200.00 | 218.00 | OK | |
r-patched-linux-x86_64 | 1.0.0 | 14.22 | 266.51 | 280.73 | OK | |
r-release-linux-x86_64 | 1.0.0 | 15.41 | 268.51 | 283.92 | OK | |
r-release-macos-arm64 | 1.0.0 | 125.00 | OK | |||
r-release-macos-x86_64 | 1.0.0 | 346.00 | OK | |||
r-release-windows-x86_64 | 1.0.0 | 17.00 | 201.00 | 218.00 | OK | |
r-oldrel-macos-arm64 | 1.0.0 | 150.00 | OK | |||
r-oldrel-macos-x86_64 | 1.0.0 | 425.00 | OK | |||
r-oldrel-windows-x86_64 | 1.0.0 | 25.00 | 260.00 | 285.00 | OK |
Version: 1.0.0
Check: dependencies in R code
Result: NOTE
Namespace in Imports field not imported from: ‘devtools’
All declared Imports should be used.
Flavors: r-devel-linux-x86_64-fedora-clang, r-devel-linux-x86_64-fedora-gcc