Last updated on 2024-08-16 00:48:22 CEST.
Flavor | Version | Tinstall | Tcheck | Ttotal | Status | Flags |
---|---|---|---|---|---|---|
r-devel-linux-x86_64-debian-clang | 2.0.1 | 4.23 | 43.98 | 48.21 | NOTE | |
r-devel-linux-x86_64-debian-gcc | 2.0.1 | 2.93 | 34.31 | 37.24 | NOTE | |
r-devel-linux-x86_64-fedora-clang | 2.0.1 | 72.92 | NOTE | |||
r-devel-linux-x86_64-fedora-gcc | 2.0.1 | 73.83 | NOTE | |||
r-devel-windows-x86_64 | 2.0.1 | 5.00 | 62.00 | 67.00 | OK | |
r-patched-linux-x86_64 | 2.0.1 | 3.52 | 43.15 | 46.67 | NOTE | |
r-release-linux-x86_64 | 2.0.1 | 4.04 | 43.03 | 47.07 | NOTE | |
r-release-macos-arm64 | 2.0.1 | 30.00 | OK | |||
r-release-macos-x86_64 | 2.0.1 | 41.00 | OK | |||
r-release-windows-x86_64 | 2.0.1 | 5.00 | 63.00 | 68.00 | OK | |
r-oldrel-macos-arm64 | 2.0.1 | 31.00 | OK | |||
r-oldrel-macos-x86_64 | 2.0.1 | 44.00 | OK | |||
r-oldrel-windows-x86_64 | 2.0.1 | 6.00 | 122.00 | 128.00 | OK |
Version: 2.0.1
Check: for non-standard things in the check directory
Result: NOTE
Found the following files/directories:
‘RRprof.out’
Flavors: r-devel-linux-x86_64-debian-clang, r-devel-linux-x86_64-debian-gcc, r-devel-linux-x86_64-fedora-clang, r-devel-linux-x86_64-fedora-gcc, r-patched-linux-x86_64, r-release-linux-x86_64