Last updated on 2024-08-16 00:48:22 CEST.
Flavor | Version | Tinstall | Tcheck | Ttotal | Status | Flags |
---|---|---|---|---|---|---|
r-devel-linux-x86_64-debian-clang | 0.5.0 | 56.05 | 67.79 | 123.84 | NOTE | |
r-devel-linux-x86_64-debian-gcc | 0.5.0 | 38.23 | 48.38 | 86.61 | NOTE | |
r-devel-linux-x86_64-fedora-clang | 0.5.0 | 198.83 | NOTE | |||
r-devel-linux-x86_64-fedora-gcc | 0.5.0 | 206.72 | NOTE | |||
r-devel-windows-x86_64 | 0.5.0 | 56.00 | 114.00 | 170.00 | NOTE | |
r-patched-linux-x86_64 | 0.5.0 | 50.88 | 57.05 | 107.93 | NOTE | |
r-release-linux-x86_64 | 0.5.0 | 46.31 | 56.01 | 102.32 | NOTE | |
r-release-macos-arm64 | 0.5.0 | 48.00 | NOTE | |||
r-release-macos-x86_64 | 0.5.0 | 81.00 | NOTE | |||
r-release-windows-x86_64 | 0.5.0 | 54.00 | 118.00 | 172.00 | NOTE | |
r-oldrel-macos-arm64 | 0.5.0 | 69.00 | NOTE | |||
r-oldrel-macos-x86_64 | 0.5.0 | 144.00 | NOTE | |||
r-oldrel-windows-x86_64 | 0.5.0 | 64.00 | 126.00 | 190.00 | OK |
Version: 0.5.0
Check: HTML version of manual
Result: NOTE
Found the following HTML validation problems:
exponential_anisotropic3D_alt.html:70:1 (exponential_anisotropic3D_alt.Rd:34): Warning: trimming empty <h3>
Flavors: r-devel-linux-x86_64-debian-clang, r-devel-linux-x86_64-debian-gcc, r-devel-linux-x86_64-fedora-clang, r-devel-linux-x86_64-fedora-gcc, r-devel-windows-x86_64, r-patched-linux-x86_64, r-release-linux-x86_64, r-release-windows-x86_64
Version: 0.5.0
Check: installed package size
Result: NOTE
installed size is 7.9Mb
sub-directories of 1Mb or more:
data 1.4Mb
libs 6.1Mb
Flavors: r-release-macos-arm64, r-release-macos-x86_64, r-oldrel-macos-arm64, r-oldrel-macos-x86_64