Last updated on 2024-08-16 12:49:11 CEST.
Flavor | Version | Tinstall | Tcheck | Ttotal | Status | Flags |
---|---|---|---|---|---|---|
r-devel-linux-x86_64-debian-clang | 1.3.1 | 2.07 | 33.06 | 35.13 | OK | |
r-devel-linux-x86_64-debian-gcc | 1.3.1 | 1.50 | 24.18 | 25.68 | OK | |
r-devel-linux-x86_64-fedora-clang | 1.3.1 | 56.71 | NOTE | |||
r-devel-linux-x86_64-fedora-gcc | 1.3.1 | 54.59 | OK | |||
r-devel-windows-x86_64 | 1.3.1 | 3.00 | 53.00 | 56.00 | OK | |
r-patched-linux-x86_64 | 1.3.1 | 2.22 | 31.68 | 33.90 | OK | |
r-release-linux-x86_64 | 1.3.1 | 1.97 | 31.92 | 33.89 | OK | |
r-release-macos-arm64 | 1.3.1 | 20.00 | OK | |||
r-release-macos-x86_64 | 1.3.1 | 29.00 | OK | |||
r-release-windows-x86_64 | 1.3.1 | 3.00 | 54.00 | 57.00 | OK | |
r-oldrel-macos-arm64 | 1.3.1 | 26.00 | NOTE | |||
r-oldrel-macos-x86_64 | 1.3.1 | 33.00 | NOTE | |||
r-oldrel-windows-x86_64 | 1.3.1 | 3.00 | 56.00 | 59.00 | OK |
Version: 1.3.1
Check: Rd cross-references
Result: NOTE
Undeclared package ‘minfi’ in Rd xrefs
Flavor: r-devel-linux-x86_64-fedora-clang
Version: 1.3.1
Check: Rd cross-references
Result: NOTE
Package unavailable to check Rd xrefs: ‘minfi’
Flavors: r-oldrel-macos-arm64, r-oldrel-macos-x86_64