Last updated on 2024-07-13 12:48:20 CEST.
Flavor | Version | Tinstall | Tcheck | Ttotal | Status | Flags |
---|---|---|---|---|---|---|
r-devel-linux-x86_64-debian-clang | 0.4.7 | 15.00 | 155.46 | 170.46 | OK | |
r-devel-linux-x86_64-debian-gcc | 0.4.7 | 13.28 | 106.52 | 119.80 | OK | |
r-devel-linux-x86_64-fedora-clang | 0.4.7 | 208.28 | OK | |||
r-devel-linux-x86_64-fedora-gcc | 0.4.7 | 228.76 | OK | |||
r-devel-windows-x86_64 | 0.4.7 | 15.00 | 132.00 | 147.00 | NOTE | |
r-patched-linux-x86_64 | 0.4.7 | 20.29 | 141.38 | 161.67 | OK | |
r-release-linux-x86_64 | 0.4.7 | 13.66 | 142.92 | 156.58 | OK | |
r-release-macos-arm64 | 0.4.7 | 60.00 | OK | |||
r-release-macos-x86_64 | 0.4.7 | 103.00 | OK | |||
r-release-windows-x86_64 | 0.4.7 | 14.00 | 146.00 | 160.00 | OK | |
r-oldrel-macos-arm64 | 0.4.7 | 69.00 | OK | |||
r-oldrel-macos-x86_64 | 0.4.7 | 141.00 | OK | |||
r-oldrel-windows-x86_64 | 0.4.7 | 18.00 | 174.00 | 192.00 | OK |
Version: 0.4.7
Check: Rd cross-references
Result: NOTE
Found the following Rd file(s) with Rd \link{} targets missing package
anchors:
plot.estMigConnectivity.Rd: plotCI
Please provide package anchors for all Rd \link{} targets not in the
package itself and the base packages.
Flavor: r-devel-windows-x86_64