Last updated on 2024-08-16 00:48:26 CEST.
Flavor | Version | Tinstall | Tcheck | Ttotal | Status | Flags |
---|---|---|---|---|---|---|
r-devel-linux-x86_64-debian-clang | 0.1.0 | 1.38 | 20.20 | 21.58 | NOTE | |
r-devel-linux-x86_64-debian-gcc | 0.1.0 | 1.45 | 16.37 | 17.82 | NOTE | |
r-devel-linux-x86_64-fedora-clang | 0.1.0 | 37.70 | NOTE | |||
r-devel-linux-x86_64-fedora-gcc | 0.1.0 | 53.69 | NOTE | |||
r-devel-windows-x86_64 | 0.1.0 | 2.00 | 40.00 | 42.00 | NOTE | |
r-patched-linux-x86_64 | 0.1.0 | 1.74 | 19.60 | 21.34 | NOTE | |
r-release-linux-x86_64 | 0.1.0 | 1.69 | 19.44 | 21.13 | NOTE | |
r-release-macos-arm64 | 0.1.0 | 23.00 | NOTE | |||
r-release-macos-x86_64 | 0.1.0 | 39.00 | NOTE | |||
r-release-windows-x86_64 | 0.1.0 | 3.00 | 42.00 | 45.00 | NOTE | |
r-oldrel-macos-arm64 | 0.1.0 | 23.00 | NOTE | |||
r-oldrel-macos-x86_64 | 0.1.0 | 34.00 | NOTE | |||
r-oldrel-windows-x86_64 | 0.1.0 | 3.00 | 42.00 | 45.00 | NOTE |
Version: 0.1.0
Check: LazyData
Result: NOTE
'LazyData' is specified without a 'data' directory
Flavors: r-devel-linux-x86_64-debian-clang, r-devel-linux-x86_64-debian-gcc, r-devel-linux-x86_64-fedora-clang, r-devel-linux-x86_64-fedora-gcc, r-devel-windows-x86_64, r-patched-linux-x86_64, r-release-linux-x86_64, r-release-macos-arm64, r-release-macos-x86_64, r-release-windows-x86_64, r-oldrel-macos-arm64, r-oldrel-macos-x86_64, r-oldrel-windows-x86_64