Last updated on 2024-08-16 00:48:29 CEST.
Flavor | Version | Tinstall | Tcheck | Ttotal | Status | Flags |
---|---|---|---|---|---|---|
r-devel-linux-x86_64-debian-clang | 0.3.7 | 38.37 | 63.28 | 101.65 | NOTE | |
r-devel-linux-x86_64-debian-gcc | 0.3.7 | 27.54 | 47.52 | 75.06 | NOTE | |
r-devel-linux-x86_64-fedora-clang | 0.3.7 | 161.15 | NOTE | |||
r-devel-linux-x86_64-fedora-gcc | 0.3.7 | 187.67 | NOTE | |||
r-devel-windows-x86_64 | 0.3.7 | 36.00 | 102.00 | 138.00 | NOTE | |
r-patched-linux-x86_64 | 0.3.7 | 39.99 | 60.81 | 100.80 | NOTE | |
r-release-linux-x86_64 | 0.3.7 | 38.78 | 62.00 | 100.78 | NOTE | |
r-release-macos-arm64 | 0.3.7 | 53.00 | NOTE | |||
r-release-macos-x86_64 | 0.3.7 | 82.00 | NOTE | |||
r-release-windows-x86_64 | 0.3.7 | 37.00 | 102.00 | 139.00 | NOTE | |
r-oldrel-macos-arm64 | 0.3.7 | 57.00 | NOTE | |||
r-oldrel-macos-x86_64 | 0.3.7 | 92.00 | NOTE | |||
r-oldrel-windows-x86_64 | 0.3.7 | 42.00 | 120.00 | 162.00 | NOTE |
Version: 0.3.7
Check: C++ specification
Result: NOTE
Specified C++11: please drop specification unless essential
Flavors: r-devel-linux-x86_64-debian-clang, r-devel-linux-x86_64-debian-gcc, r-devel-linux-x86_64-fedora-clang, r-devel-linux-x86_64-fedora-gcc, r-devel-windows-x86_64, r-patched-linux-x86_64, r-release-linux-x86_64, r-release-macos-arm64, r-release-macos-x86_64, r-release-windows-x86_64, r-oldrel-macos-arm64, r-oldrel-macos-x86_64, r-oldrel-windows-x86_64
Version: 0.3.7
Check: installed package size
Result: NOTE
installed size is 9.3Mb
sub-directories of 1Mb or more:
libs 9.1Mb
Flavors: r-release-macos-arm64, r-release-macos-x86_64, r-oldrel-macos-arm64, r-oldrel-macos-x86_64