Last updated on 2024-08-16 00:48:30 CEST.
Flavor | Version | Tinstall | Tcheck | Ttotal | Status | Flags |
---|---|---|---|---|---|---|
r-devel-linux-x86_64-debian-clang | 2.3.10 | 16.14 | 109.52 | 125.66 | OK | |
r-devel-linux-x86_64-debian-gcc | 2.3.10 | 11.23 | 77.46 | 88.69 | OK | |
r-devel-linux-x86_64-fedora-clang | 2.3.10 | 199.83 | NOTE | |||
r-devel-linux-x86_64-fedora-gcc | 2.3.10 | 216.60 | NOTE | |||
r-devel-windows-x86_64 | 2.3.10 | 18.00 | 118.00 | 136.00 | OK | |
r-patched-linux-x86_64 | 2.3.10 | 16.57 | 100.27 | 116.84 | OK | |
r-release-linux-x86_64 | 2.3.10 | 15.31 | 103.61 | 118.92 | OK | |
r-release-macos-arm64 | 2.3.10 | 68.00 | OK | |||
r-release-macos-x86_64 | 2.3.10 | 98.00 | OK | |||
r-release-windows-x86_64 | 2.3.10 | 17.00 | 120.00 | 137.00 | OK | |
r-oldrel-macos-arm64 | 2.3.10 | 71.00 | OK | |||
r-oldrel-macos-x86_64 | 2.3.10 | 161.00 | OK | |||
r-oldrel-windows-x86_64 | 2.3.10 | 24.00 | 141.00 | 165.00 | OK |
Version: 2.3.10
Check: package dependencies
Result: NOTE
Imports includes 28 non-default packages.
Importing from so many packages makes the package vulnerable to any of
them becoming unavailable. Move as many as possible to Suggests and
use conditionally.
Flavor: r-devel-linux-x86_64-fedora-clang
Version: 2.3.10
Check: data for non-ASCII characters
Result: NOTE
Note: found 26 marked UTF-8 strings
Flavors: r-devel-linux-x86_64-fedora-clang, r-devel-linux-x86_64-fedora-gcc