Last updated on 2024-08-16 12:49:21 CEST.
Flavor | Version | Tinstall | Tcheck | Ttotal | Status | Flags |
---|---|---|---|---|---|---|
r-devel-linux-x86_64-debian-clang | 0.1.0 | 4.41 | 42.44 | 46.85 | NOTE | |
r-devel-linux-x86_64-debian-gcc | 0.1.0 | 3.25 | 31.63 | 34.88 | NOTE | |
r-devel-linux-x86_64-fedora-clang | 0.1.0 | 74.68 | OK | |||
r-devel-linux-x86_64-fedora-gcc | 0.1.0 | 70.77 | OK | |||
r-devel-windows-x86_64 | 0.1.0 | 6.00 | 60.00 | 66.00 | OK | |
r-patched-linux-x86_64 | 0.1.0 | 4.83 | 40.60 | 45.43 | NOTE | |
r-release-linux-x86_64 | 0.1.0 | 3.58 | 40.14 | 43.72 | NOTE | |
r-release-macos-arm64 | 0.1.0 | 26.00 | NOTE | |||
r-release-macos-x86_64 | 0.1.0 | 39.00 | NOTE | |||
r-release-windows-x86_64 | 0.1.0 | 6.00 | 61.00 | 67.00 | OK | |
r-oldrel-macos-arm64 | 0.1.0 | 33.00 | NOTE | |||
r-oldrel-macos-x86_64 | 0.1.0 | 45.00 | NOTE | |||
r-oldrel-windows-x86_64 | 0.1.0 | 8.00 | 67.00 | 75.00 | NOTE |
Version: 0.1.0
Check: package dependencies
Result: NOTE
Package suggested but not available for checking: ‘INLA’
Flavors: r-devel-linux-x86_64-debian-clang, r-devel-linux-x86_64-debian-gcc, r-patched-linux-x86_64, r-release-linux-x86_64, r-release-macos-arm64, r-release-macos-x86_64, r-oldrel-macos-arm64, r-oldrel-macos-x86_64, r-oldrel-windows-x86_64