Last updated on 2024-08-16 12:49:23 CEST.
Flavor | Version | Tinstall | Tcheck | Ttotal | Status | Flags |
---|---|---|---|---|---|---|
r-devel-linux-x86_64-debian-clang | 0.2.0 | 2.31 | 31.75 | 34.06 | NOTE | |
r-devel-linux-x86_64-debian-gcc | 0.2.0 | 1.84 | 24.50 | 26.34 | NOTE | |
r-devel-linux-x86_64-fedora-clang | 0.2.0 | 54.09 | OK | |||
r-devel-linux-x86_64-fedora-gcc | 0.2.0 | 63.10 | OK | |||
r-devel-windows-x86_64 | 0.2.0 | 3.00 | 64.00 | 67.00 | NOTE | |
r-patched-linux-x86_64 | 0.2.0 | 3.58 | 29.64 | 33.22 | OK | |
r-release-linux-x86_64 | 0.2.0 | 2.05 | 30.12 | 32.17 | OK | |
r-release-macos-arm64 | 0.2.0 | 29.00 | OK | |||
r-release-macos-x86_64 | 0.2.0 | 37.00 | OK | |||
r-release-windows-x86_64 | 0.2.0 | 3.00 | 66.00 | 69.00 | OK | |
r-oldrel-macos-arm64 | 0.2.0 | 31.00 | OK | |||
r-oldrel-macos-x86_64 | 0.2.0 | 65.00 | OK | |||
r-oldrel-windows-x86_64 | 0.2.0 | 4.00 | 61.00 | 65.00 | OK |
Version: 0.2.0
Check: Rd cross-references
Result: NOTE
Found the following Rd file(s) with Rd \link{} targets missing package
anchors:
TPACForCancer.Rd: hpa.data
Please provide package anchors for all Rd \link{} targets not in the
package itself and the base packages.
Flavors: r-devel-linux-x86_64-debian-clang, r-devel-linux-x86_64-debian-gcc, r-devel-windows-x86_64