Last updated on 2025-04-14 12:49:31 CEST.
Flavor | Version | Tinstall | Tcheck | Ttotal | Status | Flags |
---|---|---|---|---|---|---|
r-devel-linux-x86_64-debian-clang | 2.9.2 | 53.51 | 201.42 | 254.93 | OK | |
r-devel-linux-x86_64-debian-gcc | 2.9.2 | 37.25 | 145.56 | 182.81 | OK | |
r-devel-linux-x86_64-fedora-gcc | 2.9.2 | 455.56 | OK | |||
r-devel-windows-x86_64 | 2.9.2 | 65.00 | 230.00 | 295.00 | OK | |
r-patched-linux-x86_64 | 2.9.2 | 56.84 | 195.47 | 252.31 | OK | |
r-release-linux-x86_64 | 2.9.2 | 55.25 | 194.19 | 249.44 | OK | |
r-release-macos-arm64 | 2.9.2 | 162.00 | OK | |||
r-release-macos-x86_64 | 2.9.2 | 230.00 | OK | |||
r-release-windows-x86_64 | 2.9.2 | 73.00 | 304.00 | 377.00 | NOTE | |
r-oldrel-macos-arm64 | 2.9.2 | 118.00 | NOTE | |||
r-oldrel-macos-x86_64 | 2.9.2 | 284.00 | NOTE | |||
r-oldrel-windows-x86_64 | 2.9.2 | 73.00 | 304.00 | 377.00 | NOTE |
Version: 2.9.2
Check: package dependencies
Result: NOTE
Package suggested but not available for checking: 'TreeDistData'
Flavors: r-release-windows-x86_64, r-oldrel-macos-arm64, r-oldrel-macos-x86_64, r-oldrel-windows-x86_64
Version: 2.9.2
Check: installed package size
Result: NOTE
installed size is 6.7Mb
sub-directories of 1Mb or more:
doc 4.9Mb
libs 1.2Mb
Flavors: r-release-windows-x86_64, r-oldrel-macos-arm64, r-oldrel-macos-x86_64, r-oldrel-windows-x86_64