Last updated on 2024-07-13 12:48:09 CEST.
Flavor | Version | Tinstall | Tcheck | Ttotal | Status | Flags |
---|---|---|---|---|---|---|
r-devel-linux-x86_64-debian-clang | 0.0.1 | 7.83 | 71.82 | 79.65 | OK | |
r-devel-linux-x86_64-debian-gcc | 0.0.1 | 6.04 | 54.59 | 60.63 | OK | |
r-devel-linux-x86_64-fedora-clang | 0.0.1 | 103.23 | NOTE | |||
r-devel-linux-x86_64-fedora-gcc | 0.0.1 | 92.74 | NOTE | |||
r-devel-windows-x86_64 | 0.0.1 | 9.00 | 77.00 | 86.00 | OK | |
r-patched-linux-x86_64 | 0.0.1 | 6.90 | 68.78 | 75.68 | OK | |
r-release-linux-x86_64 | 0.0.1 | 7.33 | 70.14 | 77.47 | OK | |
r-release-macos-arm64 | 0.0.1 | 36.00 | OK | |||
r-release-macos-x86_64 | 0.0.1 | 48.00 | OK | |||
r-release-windows-x86_64 | 0.0.1 | 8.00 | 77.00 | 85.00 | OK | |
r-oldrel-macos-arm64 | 0.0.1 | 35.00 | OK | |||
r-oldrel-macos-x86_64 | 0.0.1 | 50.00 | OK | |||
r-oldrel-windows-x86_64 | 0.0.1 | 12.00 | 86.00 | 98.00 | OK |
Version: 0.0.1
Check: dependencies in R code
Result: NOTE
Namespaces in Imports field not imported from:
‘DBI’ ‘assertthat’ ‘tibble’
All declared Imports should be used.
Flavors: r-devel-linux-x86_64-fedora-clang, r-devel-linux-x86_64-fedora-gcc