Last updated on 2024-08-16 00:48:14 CEST.
Flavor | Version | Tinstall | Tcheck | Ttotal | Status | Flags |
---|---|---|---|---|---|---|
r-devel-linux-x86_64-debian-clang | 0.2.3 | 7.85 | 140.58 | 148.43 | NOTE | |
r-devel-linux-x86_64-debian-gcc | 0.2.3 | 6.86 | 99.14 | 106.00 | NOTE | |
r-devel-linux-x86_64-fedora-clang | 0.2.3 | 236.36 | NOTE | |||
r-devel-linux-x86_64-fedora-gcc | 0.2.3 | 240.88 | NOTE | |||
r-devel-windows-x86_64 | 0.2.3 | 10.00 | 154.00 | 164.00 | NOTE | |
r-patched-linux-x86_64 | 0.2.3 | 8.09 | 131.83 | 139.92 | NOTE | |
r-release-linux-x86_64 | 0.2.3 | 7.79 | 131.28 | 139.07 | NOTE | |
r-release-macos-arm64 | 0.2.3 | 71.00 | NOTE | |||
r-release-macos-x86_64 | 0.2.3 | 112.00 | NOTE | |||
r-release-windows-x86_64 | 0.2.3 | 11.00 | 151.00 | 162.00 | NOTE | |
r-oldrel-macos-arm64 | 0.2.3 | 81.00 | OK | |||
r-oldrel-macos-x86_64 | 0.2.3 | 148.00 | OK | |||
r-oldrel-windows-x86_64 | 0.2.3 | 13.00 | 189.00 | 202.00 | OK |
Version: 0.2.3
Check: Rd files
Result: NOTE
checkRd: (-1) allestimates.Rd:25: Lost braces in \itemize; meant \describe ?
checkRd: (-1) allestimates.Rd:26: Lost braces in \itemize; meant \describe ?
checkRd: (-1) allestimates.Rd:27: Lost braces in \itemize; meant \describe ?
checkRd: (-1) allestimates.Rd:28: Lost braces in \itemize; meant \describe ?
Flavors: r-devel-linux-x86_64-debian-clang, r-devel-linux-x86_64-debian-gcc, r-devel-linux-x86_64-fedora-clang, r-devel-linux-x86_64-fedora-gcc, r-devel-windows-x86_64, r-patched-linux-x86_64, r-release-linux-x86_64, r-release-macos-arm64, r-release-macos-x86_64, r-release-windows-x86_64