Last updated on 2024-08-16 12:49:03 CEST.
Flavor | Version | Tinstall | Tcheck | Ttotal | Status | Flags |
---|---|---|---|---|---|---|
r-devel-linux-x86_64-debian-clang | 0.2.5 | 1.83 | 18.68 | 20.51 | OK | |
r-devel-linux-x86_64-debian-gcc | 0.2.5 | 1.27 | 14.83 | 16.10 | OK | |
r-devel-linux-x86_64-fedora-clang | 0.2.5 | 32.91 | NOTE | |||
r-devel-linux-x86_64-fedora-gcc | 0.2.5 | 31.49 | NOTE | |||
r-devel-windows-x86_64 | 0.2.5 | 3.00 | 40.00 | 43.00 | OK | |
r-patched-linux-x86_64 | 0.2.5 | 1.79 | 17.83 | 19.62 | OK | |
r-release-linux-x86_64 | 0.2.5 | 1.72 | 18.06 | 19.78 | OK | |
r-release-macos-arm64 | 0.2.5 | 16.00 | OK | |||
r-release-macos-x86_64 | 0.2.5 | 22.00 | OK | |||
r-release-windows-x86_64 | 0.2.5 | 3.00 | 40.00 | 43.00 | OK | |
r-oldrel-macos-arm64 | 0.2.5 | 22.00 | OK | |||
r-oldrel-macos-x86_64 | 0.2.5 | 33.00 | OK | |||
r-oldrel-windows-x86_64 | 0.2.5 | 3.00 | 42.00 | 45.00 | OK |
Version: 0.2.5
Check: dependencies in R code
Result: NOTE
Namespace in Imports field not imported from: ‘pls’
All declared Imports should be used.
Flavors: r-devel-linux-x86_64-fedora-clang, r-devel-linux-x86_64-fedora-gcc