Last updated on 2024-08-16 12:49:03 CEST.
Flavor | Version | Tinstall | Tcheck | Ttotal | Status | Flags |
---|---|---|---|---|---|---|
r-devel-linux-x86_64-debian-clang | 1.7.1 | 11.26 | 70.56 | 81.82 | OK | |
r-devel-linux-x86_64-debian-gcc | 1.7.1 | 6.84 | 46.26 | 53.10 | OK | |
r-devel-linux-x86_64-fedora-clang | 1.7.1 | 129.17 | OK | |||
r-devel-linux-x86_64-fedora-gcc | 1.7.1 | 123.39 | OK | |||
r-devel-windows-x86_64 | 1.7.1 | 12.00 | 83.00 | 95.00 | OK | |
r-patched-linux-x86_64 | 1.7.1 | 9.95 | 65.26 | 75.21 | OK | |
r-release-linux-x86_64 | 1.7.1 | 12.41 | 65.33 | 77.74 | OK | |
r-release-macos-arm64 | 1.7.1 | 35.00 | OK | |||
r-release-macos-x86_64 | 1.7.1 | 76.00 | OK | |||
r-release-windows-x86_64 | 1.7.1 | 13.00 | 83.00 | 96.00 | OK | |
r-oldrel-macos-arm64 | 1.7.1 | 40.00 | NOTE | |||
r-oldrel-macos-x86_64 | 1.7.1 | 75.00 | NOTE | |||
r-oldrel-windows-x86_64 | 1.7.1 | 16.00 | 97.00 | 113.00 | OK |
Version: 1.7.1
Check: package dependencies
Result: NOTE
Package suggested but not available for checking: ‘GLAD’
Flavors: r-oldrel-macos-arm64, r-oldrel-macos-x86_64