Last updated on 2024-08-16 12:49:03 CEST.
Flavor | Version | Tinstall | Tcheck | Ttotal | Status | Flags |
---|---|---|---|---|---|---|
r-devel-linux-x86_64-debian-clang | 0.0.2 | 1.70 | 19.37 | 21.07 | OK | |
r-devel-linux-x86_64-debian-gcc | 0.0.2 | 1.47 | 15.63 | 17.10 | OK | |
r-devel-linux-x86_64-fedora-clang | 0.0.2 | 32.95 | NOTE | |||
r-devel-linux-x86_64-fedora-gcc | 0.0.2 | 31.00 | NOTE | |||
r-devel-windows-x86_64 | 0.0.2 | 2.00 | 42.00 | 44.00 | OK | |
r-patched-linux-x86_64 | 0.0.2 | 1.69 | 18.17 | 19.86 | OK | |
r-release-linux-x86_64 | 0.0.2 | 1.38 | 18.30 | 19.68 | OK | |
r-release-macos-arm64 | 0.0.2 | 15.00 | OK | |||
r-release-macos-x86_64 | 0.0.2 | 21.00 | OK | |||
r-release-windows-x86_64 | 0.0.2 | 2.00 | 40.00 | 42.00 | OK | |
r-oldrel-macos-arm64 | 0.0.2 | 33.00 | OK | |||
r-oldrel-macos-x86_64 | 0.0.2 | 32.00 | OK | |||
r-oldrel-windows-x86_64 | 0.0.2 | 3.00 | 42.00 | 45.00 | OK |
Version: 0.0.2
Check: data for non-ASCII characters
Result: NOTE
Note: found 1224 marked UTF-8 strings
Flavors: r-devel-linux-x86_64-fedora-clang, r-devel-linux-x86_64-fedora-gcc