Last updated on 2024-08-16 00:48:15 CEST.
Flavor | Version | Tinstall | Tcheck | Ttotal | Status | Flags |
---|---|---|---|---|---|---|
r-devel-linux-x86_64-debian-clang | 1.6 | 16.12 | 142.44 | 158.56 | OK | |
r-devel-linux-x86_64-debian-gcc | 1.6 | 13.05 | 103.63 | 116.68 | OK | |
r-devel-linux-x86_64-fedora-clang | 1.6 | 263.17 | NOTE | |||
r-devel-linux-x86_64-fedora-gcc | 1.6 | 243.15 | OK | |||
r-devel-windows-x86_64 | 1.6 | 20.00 | 142.00 | 162.00 | OK | |
r-patched-linux-x86_64 | 1.6 | 13.67 | 133.70 | 147.37 | OK | |
r-release-linux-x86_64 | 1.6 | 16.11 | 133.16 | 149.27 | OK | |
r-release-macos-arm64 | 1.6 | 60.00 | OK | |||
r-release-macos-x86_64 | 1.6 | 98.00 | OK | |||
r-release-windows-x86_64 | 1.6 | 21.00 | 141.00 | 162.00 | OK | |
r-oldrel-macos-arm64 | 1.6 | 50.00 | OK | |||
r-oldrel-macos-x86_64 | 1.6 | 77.00 | OK | |||
r-oldrel-windows-x86_64 | 1.6 | 24.00 | 177.00 | 201.00 | OK |
Version: 1.6
Check: Rd cross-references
Result: NOTE
Undeclared package ‘psych’ in Rd xrefs
Flavor: r-devel-linux-x86_64-fedora-clang