Last updated on 2024-06-14 00:53:37 CEST.
Flavor | Version | Tinstall | Tcheck | Ttotal | Status | Flags |
---|---|---|---|---|---|---|
r-devel-linux-x86_64-debian-clang | 0.1.4 | 6.62 | 57.38 | 64.00 | OK | |
r-devel-linux-x86_64-debian-gcc | 0.1.4 | 0.51 | 1.72 | 2.23 | ERROR | |
r-devel-linux-x86_64-fedora-clang | 0.1.4 | 82.05 | OK | |||
r-devel-linux-x86_64-fedora-gcc | 0.1.4 | 89.38 | OK | |||
r-devel-windows-x86_64 | 0.1.4 | 7.00 | 65.00 | 72.00 | OK | |
r-patched-linux-x86_64 | 0.1.4 | 7.96 | 56.00 | 63.96 | OK | |
r-release-linux-x86_64 | 0.1.4 | 6.16 | 54.47 | 60.63 | OK | |
r-release-macos-arm64 | 0.1.4 | 41.00 | OK | |||
r-release-macos-x86_64 | 0.1.4 | 59.00 | OK | |||
r-release-windows-x86_64 | 0.1.4 | 9.00 | 67.00 | 76.00 | OK | |
r-oldrel-macos-arm64 | 0.1.4 | 35.00 | OK | |||
r-oldrel-macos-x86_64 | 0.1.4 | 53.00 | OK | |||
r-oldrel-windows-x86_64 | 0.1.4 | 9.00 | 71.00 | 80.00 | OK |
Version: 0.1.4
Check: package dependencies
Result: ERROR
Packages required but not available: 'magick', 'rtweet'
Package suggested but not available for checking: ‘testthat’
See section ‘The DESCRIPTION file’ in the ‘Writing R Extensions’
manual.
Flavor: r-devel-linux-x86_64-debian-gcc