Last updated on 2024-08-16 12:49:05 CEST.
Flavor | Version | Tinstall | Tcheck | Ttotal | Status | Flags |
---|---|---|---|---|---|---|
r-devel-linux-x86_64-debian-clang | 2.0 | 7.41 | 59.90 | 67.31 | NOTE | |
r-devel-linux-x86_64-debian-gcc | 2.0 | 5.97 | 45.38 | 51.35 | NOTE | |
r-devel-linux-x86_64-fedora-clang | 2.0 | 101.57 | NOTE | |||
r-devel-linux-x86_64-fedora-gcc | 2.0 | 98.52 | NOTE | |||
r-devel-windows-x86_64 | 2.0 | 8.00 | 71.00 | 79.00 | NOTE | |
r-patched-linux-x86_64 | 2.0 | 6.87 | 56.33 | 63.20 | NOTE | |
r-release-linux-x86_64 | 2.0 | 6.60 | 56.03 | 62.63 | NOTE | |
r-release-macos-arm64 | 2.0 | 31.00 | NOTE | |||
r-release-macos-x86_64 | 2.0 | 57.00 | NOTE | |||
r-release-windows-x86_64 | 2.0 | 8.00 | 69.00 | 77.00 | NOTE | |
r-oldrel-macos-arm64 | 2.0 | 39.00 | NOTE | |||
r-oldrel-macos-x86_64 | 2.0 | 59.00 | NOTE | |||
r-oldrel-windows-x86_64 | 2.0 | 7.00 | 80.00 | 87.00 | NOTE |
Version: 2.0
Check: dependencies in R code
Result: NOTE
Unexported objects imported by ':::' calls:
‘copula:::dCdu’ ‘copula:::fitCopStart’
See the note in ?`:::` about the use of this operator.
Flavors: r-devel-linux-x86_64-debian-clang, r-devel-linux-x86_64-debian-gcc, r-devel-linux-x86_64-fedora-clang, r-devel-linux-x86_64-fedora-gcc, r-devel-windows-x86_64, r-patched-linux-x86_64, r-release-linux-x86_64, r-release-macos-arm64, r-release-macos-x86_64, r-release-windows-x86_64, r-oldrel-macos-arm64, r-oldrel-macos-x86_64, r-oldrel-windows-x86_64