Last updated on 2024-06-14 13:56:16 CEST.
Flavor | Version | Tinstall | Tcheck | Ttotal | Status | Flags |
---|---|---|---|---|---|---|
r-devel-linux-x86_64-debian-clang | 1.1.0 | 35.05 | 22.75 | 57.80 | OK | |
r-devel-linux-x86_64-debian-gcc | 1.1.0 | 32.81 | 17.75 | 50.56 | OK | |
r-devel-linux-x86_64-fedora-clang | 1.1.0 | 78.16 | NOTE | |||
r-devel-linux-x86_64-fedora-gcc | 1.1.0 | 75.68 | NOTE | |||
r-devel-windows-x86_64 | 1.1.0 | 32.00 | 37.00 | 69.00 | OK | |
r-patched-linux-x86_64 | 1.1.0 | 38.74 | 22.14 | 60.88 | OK | |
r-release-linux-x86_64 | 1.1.0 | 38.06 | 21.67 | 59.73 | OK | |
r-release-macos-arm64 | 1.1.0 | 33.00 | OK | |||
r-release-macos-x86_64 | 1.1.0 | 44.00 | OK | |||
r-release-windows-x86_64 | 1.1.0 | 31.00 | 37.00 | 68.00 | OK | |
r-oldrel-macos-arm64 | 1.1.0 | 41.00 | OK | |||
r-oldrel-macos-x86_64 | 1.1.0 | 92.00 | OK | |||
r-oldrel-windows-x86_64 | 1.1.0 | 36.00 | 34.00 | 70.00 | OK |
Version: 1.1.0
Check: data for non-ASCII characters
Result: NOTE
Note: found 494 marked Latin-1 strings
Note: found 11871 marked UTF-8 strings
Flavors: r-devel-linux-x86_64-fedora-clang, r-devel-linux-x86_64-fedora-gcc