Last updated on 2024-08-16 00:48:17 CEST.
Flavor | Version | Tinstall | Tcheck | Ttotal | Status | Flags |
---|---|---|---|---|---|---|
r-devel-linux-x86_64-debian-clang | 0.92 | 3.34 | 69.52 | 72.86 | WARN | |
r-devel-linux-x86_64-debian-gcc | 0.92 | 2.16 | 55.14 | 57.30 | WARN | |
r-devel-linux-x86_64-fedora-clang | 0.92 | 119.70 | WARN | |||
r-devel-linux-x86_64-fedora-gcc | 0.92 | 128.53 | WARN | |||
r-devel-windows-x86_64 | 0.92 | 4.00 | 66.00 | 70.00 | WARN | |
r-patched-linux-x86_64 | 0.92 | 3.66 | 67.14 | 70.80 | OK | |
r-release-linux-x86_64 | 0.92 | 2.78 | 67.66 | 70.44 | OK | |
r-release-macos-arm64 | 0.92 | 35.00 | OK | |||
r-release-macos-x86_64 | 0.92 | 54.00 | OK | |||
r-release-windows-x86_64 | 0.92 | 4.00 | 67.00 | 71.00 | OK | |
r-oldrel-macos-arm64 | 0.92 | 39.00 | OK | |||
r-oldrel-macos-x86_64 | 0.92 | 52.00 | OK | |||
r-oldrel-windows-x86_64 | 0.92 | 4.00 | 75.00 | 79.00 | OK |
Version: 0.92
Check: package subdirectories
Result: WARN
Invalid citation information in ‘inst/CITATION’:
Error in s[[i]]: attempt to select more than one element in vectorIndex
Flavors: r-devel-linux-x86_64-debian-clang, r-devel-linux-x86_64-debian-gcc, r-devel-linux-x86_64-fedora-clang, r-devel-linux-x86_64-fedora-gcc, r-devel-windows-x86_64
Version: 0.92
Check: installed package size
Result: NOTE
installed size is 5.0Mb
sub-directories of 1Mb or more:
doc 4.8Mb
Flavor: r-devel-linux-x86_64-fedora-clang