Last updated on 2024-08-16 00:48:18 CEST.
Flavor | Version | Tinstall | Tcheck | Ttotal | Status | Flags |
---|---|---|---|---|---|---|
r-devel-linux-x86_64-debian-clang | 0.3.3 | 12.05 | 45.18 | 57.23 | NOTE | |
r-devel-linux-x86_64-debian-gcc | 0.3.3 | 8.44 | 34.06 | 42.50 | NOTE | |
r-devel-linux-x86_64-fedora-clang | 0.3.3 | 96.98 | NOTE | |||
r-devel-linux-x86_64-fedora-gcc | 0.3.3 | 88.87 | NOTE | |||
r-devel-windows-x86_64 | 0.3.3 | 17.00 | 68.00 | 85.00 | NOTE | |
r-patched-linux-x86_64 | 0.3.3 | 11.54 | 42.69 | 54.23 | OK | |
r-release-linux-x86_64 | 0.3.3 | 11.41 | 42.85 | 54.26 | OK | |
r-release-macos-arm64 | 0.3.3 | 32.00 | OK | |||
r-release-macos-x86_64 | 0.3.3 | 41.00 | OK | |||
r-release-windows-x86_64 | 0.3.3 | 18.00 | 67.00 | 85.00 | OK | |
r-oldrel-macos-arm64 | 0.3.3 | 36.00 | OK | |||
r-oldrel-macos-x86_64 | 0.3.3 | 54.00 | OK | |||
r-oldrel-windows-x86_64 | 0.3.3 | 20.00 | 77.00 | 97.00 | OK |
Version: 0.3.3
Check: compiled code
Result: NOTE
File ‘densityClust/libs/densityClust.so’:
Found non-API calls to R: ‘SETLENGTH’, ‘SET_GROWABLE_BIT’,
‘SET_TRUELENGTH’
Compiled code should not call non-API entry points in R.
See ‘Writing portable packages’ in the ‘Writing R Extensions’ manual,
and section ‘Moving into C API compliance’ for issues with the use of
non-API entry points.
Flavors: r-devel-linux-x86_64-debian-clang, r-devel-linux-x86_64-debian-gcc, r-devel-linux-x86_64-fedora-clang, r-devel-linux-x86_64-fedora-gcc
Version: 0.3.3
Check: compiled code
Result: NOTE
File 'densityClust/libs/x64/densityClust.dll':
Found non-API calls to R: 'SETLENGTH', 'SET_GROWABLE_BIT',
'SET_TRUELENGTH'
Compiled code should not call non-API entry points in R.
See 'Writing portable packages' in the 'Writing R Extensions' manual,
and section 'Moving into C API compliance' for issues with the use of
non-API entry points.
Flavor: r-devel-windows-x86_64