Last updated on 2024-08-16 00:48:18 CEST.
Flavor | Version | Tinstall | Tcheck | Ttotal | Status | Flags |
---|---|---|---|---|---|---|
r-devel-linux-x86_64-debian-clang | 0.1.0 | 6.30 | 56.38 | 62.68 | NOTE | |
r-devel-linux-x86_64-debian-gcc | 0.1.0 | 3.99 | 41.69 | 45.68 | NOTE | |
r-devel-linux-x86_64-fedora-clang | 0.1.0 | 100.57 | NOTE | |||
r-devel-linux-x86_64-fedora-gcc | 0.1.0 | 92.35 | NOTE | |||
r-devel-windows-x86_64 | 0.1.0 | 8.00 | 73.00 | 81.00 | NOTE | |
r-patched-linux-x86_64 | 0.1.0 | 5.45 | 53.56 | 59.01 | NOTE | |
r-release-linux-x86_64 | 0.1.0 | 5.81 | 54.01 | 59.82 | NOTE | |
r-release-macos-arm64 | 0.1.0 | 34.00 | NOTE | |||
r-release-macos-x86_64 | 0.1.0 | 53.00 | NOTE | |||
r-release-windows-x86_64 | 0.1.0 | 7.00 | 73.00 | 80.00 | NOTE | |
r-oldrel-macos-arm64 | 0.1.0 | 36.00 | NOTE | |||
r-oldrel-macos-x86_64 | 0.1.0 | 50.00 | NOTE | |||
r-oldrel-windows-x86_64 | 0.1.0 | 9.00 | 84.00 | 93.00 | NOTE |
Version: 0.1.0
Check: LazyData
Result: NOTE
'LazyData' is specified without a 'data' directory
Flavors: r-devel-linux-x86_64-debian-clang, r-devel-linux-x86_64-debian-gcc, r-devel-linux-x86_64-fedora-clang, r-devel-linux-x86_64-fedora-gcc, r-devel-windows-x86_64, r-patched-linux-x86_64, r-release-linux-x86_64, r-release-macos-arm64, r-release-macos-x86_64, r-release-windows-x86_64, r-oldrel-macos-arm64, r-oldrel-macos-x86_64, r-oldrel-windows-x86_64