Last updated on 2024-07-13 12:48:13 CEST.
Flavor | Version | Tinstall | Tcheck | Ttotal | Status | Flags |
---|---|---|---|---|---|---|
r-devel-linux-x86_64-debian-clang | 0.1.6 | 10.35 | 88.63 | 98.98 | NOTE | |
r-devel-linux-x86_64-debian-gcc | 0.1.6 | 6.96 | 66.17 | 73.13 | NOTE | |
r-devel-linux-x86_64-fedora-clang | 0.1.6 | 128.01 | NOTE | |||
r-devel-linux-x86_64-fedora-gcc | 0.1.6 | 127.62 | NOTE | |||
r-devel-windows-x86_64 | 0.1.6 | 9.00 | 81.00 | 90.00 | NOTE | |
r-patched-linux-x86_64 | 0.1.6 | 7.70 | 82.70 | 90.40 | NOTE | |
r-release-linux-x86_64 | 0.1.6 | 5.64 | 83.96 | 89.60 | NOTE | |
r-release-macos-arm64 | 0.1.6 | 42.00 | NOTE | |||
r-release-macos-x86_64 | 0.1.6 | 68.00 | NOTE | |||
r-release-windows-x86_64 | 0.1.6 | 8.00 | 83.00 | 91.00 | NOTE | |
r-oldrel-macos-arm64 | 0.1.6 | 49.00 | NOTE | |||
r-oldrel-macos-x86_64 | 0.1.6 | 81.00 | NOTE | |||
r-oldrel-windows-x86_64 | 0.1.6 | 11.00 | 94.00 | 105.00 | NOTE |
Version: 0.1.6
Check: package dependencies
Result: NOTE
Package suggested but not available for checking: ‘epidict’
Flavors: r-devel-linux-x86_64-debian-clang, r-devel-linux-x86_64-debian-gcc, r-devel-linux-x86_64-fedora-clang, r-devel-linux-x86_64-fedora-gcc, r-devel-windows-x86_64, r-patched-linux-x86_64, r-release-linux-x86_64, r-release-macos-arm64, r-release-macos-x86_64, r-release-windows-x86_64, r-oldrel-macos-arm64, r-oldrel-macos-x86_64, r-oldrel-windows-x86_64