Last updated on 2024-08-16 00:48:20 CEST.
Flavor | Version | Tinstall | Tcheck | Ttotal | Status | Flags |
---|---|---|---|---|---|---|
r-devel-linux-x86_64-debian-clang | 1.0.7 | 9.66 | 93.08 | 102.74 | NOTE | |
r-devel-linux-x86_64-debian-gcc | 1.0.7 | 5.50 | 61.62 | 67.12 | NOTE | |
r-devel-linux-x86_64-fedora-clang | 1.0.7 | 164.55 | NOTE | |||
r-devel-linux-x86_64-fedora-gcc | 1.0.7 | 154.94 | NOTE | |||
r-devel-windows-x86_64 | 1.0.7 | 12.00 | 109.00 | 121.00 | NOTE | |
r-patched-linux-x86_64 | 1.0.7 | 8.01 | 86.40 | 94.41 | NOTE | |
r-release-linux-x86_64 | 1.0.7 | 8.76 | 87.67 | 96.43 | NOTE | |
r-release-macos-arm64 | 1.0.7 | 44.00 | NOTE | |||
r-release-macos-x86_64 | 1.0.7 | 66.00 | NOTE | |||
r-release-windows-x86_64 | 1.0.7 | 12.00 | 106.00 | 118.00 | NOTE | |
r-oldrel-macos-arm64 | 1.0.7 | 50.00 | OK | |||
r-oldrel-macos-x86_64 | 1.0.7 | 73.00 | OK | |||
r-oldrel-windows-x86_64 | 1.0.7 | 14.00 | 129.00 | 143.00 | OK |
Version: 1.0.7
Check: Rd files
Result: NOTE
checkRd: (-1) fviz_nbclust.Rd:75: Lost braces; missing escapes or markup?
75 | (2001) proposed: "the smallest k such that gap(k) >= gap(k+1) - s_{k+1}".
| ^
checkRd: (-1) fviz_nbclust.Rd:77: Lost braces; missing escapes or markup?
77 | SE.factor*s_{k+1}" where SE.factor is a numeric value which can be 1
| ^
Flavors: r-devel-linux-x86_64-debian-clang, r-devel-linux-x86_64-debian-gcc, r-devel-linux-x86_64-fedora-clang, r-devel-linux-x86_64-fedora-gcc, r-devel-windows-x86_64, r-patched-linux-x86_64, r-release-linux-x86_64, r-release-macos-arm64, r-release-macos-x86_64, r-release-windows-x86_64