Last updated on 2024-08-16 00:48:20 CEST.
Flavor | Version | Tinstall | Tcheck | Ttotal | Status | Flags |
---|---|---|---|---|---|---|
r-devel-linux-x86_64-debian-clang | 1.1.1 | 5.18 | 36.40 | 41.58 | OK | |
r-devel-linux-x86_64-debian-gcc | 1.1.1 | 4.54 | 27.12 | 31.66 | OK | |
r-devel-linux-x86_64-fedora-clang | 1.1.1 | 68.24 | NOTE | |||
r-devel-linux-x86_64-fedora-gcc | 1.1.1 | 63.32 | OK | |||
r-devel-windows-x86_64 | 1.1.1 | 10.00 | 55.00 | 65.00 | OK | |
r-patched-linux-x86_64 | 1.1.1 | 5.90 | 34.19 | 40.09 | OK | |
r-release-linux-x86_64 | 1.1.1 | 5.59 | 34.45 | 40.04 | OK | |
r-release-macos-arm64 | 1.1.1 | 26.00 | OK | |||
r-release-macos-x86_64 | 1.1.1 | 35.00 | OK | |||
r-release-windows-x86_64 | 1.1.1 | 12.00 | 55.00 | 67.00 | OK | |
r-oldrel-macos-arm64 | 1.1.1 | 28.00 | OK | |||
r-oldrel-macos-x86_64 | 1.1.1 | 38.00 | OK | |||
r-oldrel-windows-x86_64 | 1.1.1 | 12.00 | 61.00 | 73.00 | OK |
Version: 1.1.1
Check: Rd cross-references
Result: NOTE
Undeclared package ‘RWeka’ in Rd xrefs
Flavor: r-devel-linux-x86_64-fedora-clang