Last updated on 2024-06-14 00:53:42 CEST.
Flavor | Version | Tinstall | Tcheck | Ttotal | Status | Flags |
---|---|---|---|---|---|---|
r-devel-linux-x86_64-debian-clang | 0.1.2 | 3.17 | 37.30 | 40.47 | OK | |
r-devel-linux-x86_64-debian-gcc | 0.1.2 | 0.33 | 1.56 | 1.89 | ERROR | |
r-devel-linux-x86_64-fedora-clang | 0.1.2 | 52.89 | OK | |||
r-devel-linux-x86_64-fedora-gcc | 0.1.2 | 48.02 | OK | |||
r-devel-windows-x86_64 | 0.1.2 | 5.00 | 51.00 | 56.00 | OK | |
r-patched-linux-x86_64 | 0.1.2 | 2.94 | 36.65 | 39.59 | OK | |
r-release-linux-x86_64 | 0.1.2 | 2.74 | 36.15 | 38.89 | OK | |
r-release-macos-arm64 | 0.1.2 | 19.00 | OK | |||
r-release-macos-x86_64 | 0.1.2 | 30.00 | OK | |||
r-release-windows-x86_64 | 0.1.2 | 4.00 | 53.00 | 57.00 | OK | |
r-oldrel-macos-arm64 | 0.1.2 | 22.00 | OK | |||
r-oldrel-macos-x86_64 | 0.1.2 | 27.00 | OK | |||
r-oldrel-windows-x86_64 | 0.1.2 | 5.00 | 56.00 | 61.00 | OK |
Version: 0.1.2
Check: package dependencies
Result: ERROR
Packages required but not available: 'ggplot2', 'JOPS'
Packages suggested but not available for checking: 'progress', 'styler'
See section ‘The DESCRIPTION file’ in the ‘Writing R Extensions’
manual.
Flavor: r-devel-linux-x86_64-debian-gcc