Last updated on 2024-08-16 00:48:21 CEST.
Flavor | Version | Tinstall | Tcheck | Ttotal | Status | Flags |
---|---|---|---|---|---|---|
r-devel-linux-x86_64-debian-clang | 1.7.1 | 4.85 | 68.55 | 73.40 | OK | |
r-devel-linux-x86_64-debian-gcc | 1.7.1 | 3.40 | 47.28 | 50.68 | OK | |
r-devel-linux-x86_64-fedora-clang | 1.7.1 | 118.96 | NOTE | |||
r-devel-linux-x86_64-fedora-gcc | 1.7.1 | 125.50 | OK | |||
r-devel-windows-x86_64 | 1.7.1 | 6.00 | 85.00 | 91.00 | NOTE | |
r-patched-linux-x86_64 | 1.7.1 | 5.71 | 63.15 | 68.86 | OK | |
r-release-linux-x86_64 | 1.7.1 | 4.35 | 63.73 | 68.08 | OK | |
r-release-macos-arm64 | 1.7.1 | 60.00 | NOTE | |||
r-release-macos-x86_64 | 1.7.1 | 124.00 | NOTE | |||
r-release-windows-x86_64 | 1.7.1 | 6.00 | 126.00 | 132.00 | NOTE | |
r-oldrel-macos-arm64 | 1.7.1 | 43.00 | NOTE | |||
r-oldrel-macos-x86_64 | 1.7.1 | 104.00 | NOTE | |||
r-oldrel-windows-x86_64 | 1.7.1 | 6.00 | 91.00 | 97.00 | NOTE |
Version: 1.7.1
Check: installed package size
Result: NOTE
installed size is 5.4Mb
sub-directories of 1Mb or more:
help 4.6Mb
Flavors: r-devel-linux-x86_64-fedora-clang, r-devel-windows-x86_64, r-release-macos-arm64, r-release-macos-x86_64, r-release-windows-x86_64, r-oldrel-macos-arm64, r-oldrel-macos-x86_64, r-oldrel-windows-x86_64