Last updated on 2024-08-16 00:48:21 CEST.
Flavor | Version | Tinstall | Tcheck | Ttotal | Status | Flags |
---|---|---|---|---|---|---|
r-devel-linux-x86_64-debian-clang | 1.12.0-2 | 151.48 | 17.16 | 168.64 | OK | |
r-devel-linux-x86_64-debian-gcc | 1.12.0-2 | 114.57 | 14.21 | 128.78 | OK | |
r-devel-linux-x86_64-fedora-clang | 1.12.0-2 | 324.29 | OK | |||
r-devel-linux-x86_64-fedora-gcc | 1.12.0-2 | 324.75 | OK | |||
r-devel-windows-x86_64 | 1.12.0-2 | 117.00 | 55.00 | 172.00 | OK | |
r-patched-linux-x86_64 | 1.12.0-2 | 147.74 | 16.47 | 164.21 | OK | |
r-release-linux-x86_64 | 1.12.0-2 | 146.55 | 16.78 | 163.33 | OK | |
r-release-macos-arm64 | 1.12.0-2 | 64.00 | NOTE | |||
r-release-macos-x86_64 | 1.12.0-2 | 68.00 | NOTE | |||
r-release-windows-x86_64 | 1.12.0-2 | 119.00 | 78.00 | 197.00 | OK | |
r-oldrel-macos-arm64 | 1.12.0-2 | 65.00 | NOTE | |||
r-oldrel-macos-x86_64 | 1.12.0-2 | 81.00 | NOTE | |||
r-oldrel-windows-x86_64 | 1.12.0-2 | 108.00 | 74.00 | 182.00 | OK |
Version: 1.12.0-2
Check: installed package size
Result: NOTE
installed size is 8.8Mb
sub-directories of 1Mb or more:
libs 8.7Mb
Flavors: r-release-macos-arm64, r-release-macos-x86_64, r-oldrel-macos-arm64, r-oldrel-macos-x86_64