Last updated on 2024-08-16 00:48:22 CEST.
Flavor | Version | Tinstall | Tcheck | Ttotal | Status | Flags |
---|---|---|---|---|---|---|
r-devel-linux-x86_64-debian-clang | 1.3.11 | 47.23 | 114.03 | 161.26 | OK | |
r-devel-linux-x86_64-debian-gcc | 1.3.11 | 38.54 | 78.49 | 117.03 | OK | |
r-devel-linux-x86_64-fedora-clang | 1.3.11 | 266.54 | OK | |||
r-devel-linux-x86_64-fedora-gcc | 1.3.11 | 281.19 | OK | |||
r-devel-windows-x86_64 | 1.3.11 | 72.00 | 153.00 | 225.00 | NOTE | |
r-patched-linux-x86_64 | 1.3.11 | 53.00 | 108.06 | 161.06 | OK | |
r-release-linux-x86_64 | 1.3.11 | 51.00 | 106.44 | 157.44 | OK | |
r-release-macos-arm64 | 1.3.11 | 98.00 | NOTE | |||
r-release-macos-x86_64 | 1.3.11 | 247.00 | NOTE | |||
r-release-windows-x86_64 | 1.3.11 | 72.00 | 162.00 | 234.00 | NOTE | |
r-oldrel-macos-arm64 | 1.3.11 | 132.00 | NOTE | |||
r-oldrel-macos-x86_64 | 1.3.11 | 199.00 | NOTE | |||
r-oldrel-windows-x86_64 | 1.3.11 | 80.00 | 189.00 | 269.00 | NOTE |
Version: 1.3.11
Check: installed package size
Result: NOTE
installed size is 7.1Mb
sub-directories of 1Mb or more:
libs 4.5Mb
Flavors: r-devel-windows-x86_64, r-release-macos-arm64, r-release-macos-x86_64, r-release-windows-x86_64, r-oldrel-macos-arm64, r-oldrel-macos-x86_64, r-oldrel-windows-x86_64