Last updated on 2025-04-16 12:49:33 CEST.
Flavor | Version | Tinstall | Tcheck | Ttotal | Status | Flags |
---|---|---|---|---|---|---|
r-devel-linux-x86_64-debian-clang | 1.7.3 | 10.16 | 153.73 | 163.89 | NOTE | |
r-devel-linux-x86_64-debian-gcc | 1.7.3 | 6.05 | 110.33 | 116.38 | NOTE | |
r-devel-linux-x86_64-fedora-clang | 1.7.3 | 265.34 | NOTE | |||
r-devel-linux-x86_64-fedora-gcc | 1.7.3 | 268.86 | NOTE | |||
r-devel-windows-x86_64 | 1.7.3 | 14.00 | 167.00 | 181.00 | NOTE | |
r-patched-linux-x86_64 | 1.7.3 | 11.89 | 145.65 | 157.54 | NOTE | |
r-release-linux-x86_64 | 1.7.3 | 7.83 | 143.85 | 151.68 | NOTE | |
r-release-macos-arm64 | 1.7.3 | 69.00 | NOTE | |||
r-release-macos-x86_64 | 1.7.3 | 125.00 | OK | |||
r-release-windows-x86_64 | 1.7.3 | 12.00 | 168.00 | 180.00 | NOTE | |
r-oldrel-macos-arm64 | 1.7.3 | 78.00 | OK | |||
r-oldrel-macos-x86_64 | 1.7.3 | 118.00 | OK | |||
r-oldrel-windows-x86_64 | 1.7.3 | 16.00 | 205.00 | 221.00 | OK |
Version: 1.7.3
Check: DESCRIPTION meta-information
Result: NOTE
Missing dependency on R >= 4.1.0 because package code uses the pipe
|> or function shorthand \(...) syntax added in R 4.1.0.
File(s) using such syntax:
‘AddHealth.Rd’ ‘oral.Rd’
Flavors: r-devel-linux-x86_64-debian-clang, r-devel-linux-x86_64-debian-gcc, r-devel-linux-x86_64-fedora-clang, r-devel-linux-x86_64-fedora-gcc, r-devel-windows-x86_64, r-patched-linux-x86_64, r-release-linux-x86_64, r-release-macos-arm64, r-release-windows-x86_64
Version: 1.7.3
Check: for unstated dependencies in ‘demo’
Result: NOTE
'library' or 'require' calls not declared from:
‘KernSmooth’ ‘aplpack’ ‘foreign’
Flavors: r-devel-linux-x86_64-debian-clang, r-devel-linux-x86_64-debian-gcc, r-patched-linux-x86_64, r-release-linux-x86_64