Last updated on 2024-08-16 12:49:10 CEST.
Flavor | Version | Tinstall | Tcheck | Ttotal | Status | Flags |
---|---|---|---|---|---|---|
r-devel-linux-x86_64-debian-clang | 0.2.0 | 3.82 | 31.29 | 35.11 | NOTE | |
r-devel-linux-x86_64-debian-gcc | 0.2.0 | 2.41 | 23.73 | 26.14 | NOTE | |
r-devel-linux-x86_64-fedora-clang | 0.2.0 | 56.72 | NOTE | |||
r-devel-linux-x86_64-fedora-gcc | 0.2.0 | 51.81 | NOTE | |||
r-devel-windows-x86_64 | 0.2.0 | 5.00 | 49.00 | 54.00 | NOTE | |
r-patched-linux-x86_64 | 0.2.0 | 3.49 | 29.41 | 32.90 | NOTE | |
r-release-linux-x86_64 | 0.2.0 | 3.70 | 29.06 | 32.76 | NOTE | |
r-release-macos-arm64 | 0.2.0 | 20.00 | NOTE | |||
r-release-macos-x86_64 | 0.2.0 | 31.00 | NOTE | |||
r-release-windows-x86_64 | 0.2.0 | 5.00 | 53.00 | 58.00 | NOTE | |
r-oldrel-macos-arm64 | 0.2.0 | 21.00 | NOTE | |||
r-oldrel-macos-x86_64 | 0.2.0 | 39.00 | NOTE | |||
r-oldrel-windows-x86_64 | 0.2.0 | 6.00 | 54.00 | 60.00 | NOTE |
Version: 0.2.0
Check: LazyData
Result: NOTE
'LazyData' is specified without a 'data' directory
Flavors: r-devel-linux-x86_64-debian-clang, r-devel-linux-x86_64-debian-gcc, r-devel-linux-x86_64-fedora-clang, r-devel-linux-x86_64-fedora-gcc, r-devel-windows-x86_64, r-patched-linux-x86_64, r-release-linux-x86_64, r-release-macos-arm64, r-release-macos-x86_64, r-release-windows-x86_64, r-oldrel-macos-arm64, r-oldrel-macos-x86_64, r-oldrel-windows-x86_64