Last updated on 2024-06-14 00:53:46 CEST.
Flavor | Version | Tinstall | Tcheck | Ttotal | Status | Flags |
---|---|---|---|---|---|---|
r-devel-linux-x86_64-debian-clang | 0.1.0 | 2.13 | 27.77 | 29.90 | OK | |
r-devel-linux-x86_64-debian-gcc | 0.1.0 | 1.59 | 19.62 | 21.21 | ERROR | |
r-devel-linux-x86_64-fedora-clang | 0.1.0 | 38.98 | OK | |||
r-devel-linux-x86_64-fedora-gcc | 0.1.0 | 49.02 | OK | |||
r-devel-windows-x86_64 | 0.1.0 | 2.00 | 44.00 | 46.00 | OK | |
r-patched-linux-x86_64 | 0.1.0 | 1.74 | 26.87 | 28.61 | OK | |
r-release-linux-x86_64 | 0.1.0 | 1.93 | 26.54 | 28.47 | OK | |
r-release-macos-arm64 | 0.1.0 | 22.00 | OK | |||
r-release-macos-x86_64 | 0.1.0 | 39.00 | OK | |||
r-release-windows-x86_64 | 0.1.0 | 3.00 | 78.00 | 81.00 | OK | |
r-oldrel-macos-arm64 | 0.1.0 | 22.00 | OK | |||
r-oldrel-macos-x86_64 | 0.1.0 | 32.00 | OK | |||
r-oldrel-windows-x86_64 | 0.1.0 | 3.00 | 44.00 | 47.00 | OK |
Version: 0.1.0
Check: package dependencies
Result: NOTE
Packages suggested but not available for checking:
'dplyr', 'ggplot2', 'tidyr'
Flavor: r-devel-linux-x86_64-debian-gcc
Version: 0.1.0
Check: re-building of vignette outputs
Result: ERROR
Error(s) in re-building vignettes:
...
--- re-building ‘tutorial.Rmd’ using rmarkdown
Quitting from lines 20-24 [setup] (tutorial.Rmd)
Error: processing vignette 'tutorial.Rmd' failed with diagnostics:
there is no package called 'dplyr'
--- failed re-building ‘tutorial.Rmd’
SUMMARY: processing the following file failed:
‘tutorial.Rmd’
Error: Vignette re-building failed.
Execution halted
Flavor: r-devel-linux-x86_64-debian-gcc