Last updated on 2024-07-13 12:48:18 CEST.
Flavor | Version | Tinstall | Tcheck | Ttotal | Status | Flags |
---|---|---|---|---|---|---|
r-devel-linux-x86_64-debian-clang | 0.0.7 | 59.07 | 449.42 | 508.49 | NOTE | |
r-devel-linux-x86_64-debian-gcc | 0.0.7 | 34.49 | 324.93 | 359.42 | NOTE | |
r-devel-linux-x86_64-fedora-clang | 0.0.7 | 625.46 | NOTE | |||
r-devel-linux-x86_64-fedora-gcc | 0.0.7 | 614.56 | NOTE | |||
r-devel-windows-x86_64 | 0.0.7 | 41.00 | 244.00 | 285.00 | NOTE | |
r-patched-linux-x86_64 | 0.0.7 | 39.42 | 448.75 | 488.17 | NOTE | |
r-release-linux-x86_64 | 0.0.7 | 39.25 | 442.62 | 481.87 | NOTE | |
r-release-macos-arm64 | 0.0.7 | 113.00 | NOTE | |||
r-release-macos-x86_64 | 0.0.7 | 182.00 | NOTE | |||
r-release-windows-x86_64 | 0.0.7 | 40.00 | 242.00 | 282.00 | NOTE | |
r-oldrel-macos-arm64 | 0.0.7 | 181.00 | OK | |||
r-oldrel-macos-x86_64 | 0.0.7 | 328.00 | OK | |||
r-oldrel-windows-x86_64 | 0.0.7 | 51.00 | 321.00 | 372.00 | OK |
Version: 0.0.7
Check: Rd files
Result: NOTE
checkRd: (-1) check_convergence.Rd:47: Lost braces
47 | \code{conv_plot}: code{ipm} invisibly.
| ^
checkRd: (-1) init_ipm.Rd:50-51: Lost braces in \itemize; meant \describe ?
checkRd: (-1) init_ipm.Rd:52-53: Lost braces in \itemize; meant \describe ?
checkRd: (-1) init_ipm.Rd:57: Lost braces in \itemize; meant \describe ?
checkRd: (-1) init_ipm.Rd:58: Lost braces in \itemize; meant \describe ?
checkRd: (-1) init_ipm.Rd:62: Lost braces in \itemize; meant \describe ?
checkRd: (-1) init_ipm.Rd:63-65: Lost braces in \itemize; meant \describe ?
checkRd: (-1) init_ipm.Rd:70-74: Lost braces in \itemize; meant \describe ?
checkRd: (-1) init_ipm.Rd:75-78: Lost braces in \itemize; meant \describe ?
checkRd: (-1) make_ipm.Rd:276: Lost braces in \itemize; \value handles \item{}{} directly
checkRd: (-1) make_ipm.Rd:277-281: Lost braces in \itemize; \value handles \item{}{} directly
checkRd: (-1) make_ipm.Rd:282-286: Lost braces in \itemize; \value handles \item{}{} directly
checkRd: (-1) make_ipm.Rd:287-291: Lost braces in \itemize; \value handles \item{}{} directly
checkRd: (-1) make_ipm.Rd:292-293: Lost braces in \itemize; \value handles \item{}{} directly
Flavors: r-devel-linux-x86_64-debian-clang, r-devel-linux-x86_64-debian-gcc, r-devel-linux-x86_64-fedora-clang, r-devel-linux-x86_64-fedora-gcc, r-devel-windows-x86_64, r-patched-linux-x86_64, r-release-linux-x86_64, r-release-macos-arm64, r-release-macos-x86_64, r-release-windows-x86_64
Version: 0.0.7
Check: Rd cross-references
Result: NOTE
Undeclared package ‘Rpadrino’ in Rd xrefs
Flavor: r-devel-linux-x86_64-fedora-clang