Last updated on 2024-08-16 00:48:23 CEST.
Flavor | Version | Tinstall | Tcheck | Ttotal | Status | Flags |
---|---|---|---|---|---|---|
r-devel-linux-x86_64-debian-clang | 1.5.2 | 103.14 | 27.62 | 130.76 | OK | |
r-devel-linux-x86_64-debian-gcc | 1.5.2 | 80.32 | 20.80 | 101.12 | OK | |
r-devel-linux-x86_64-fedora-clang | 1.5.2 | 246.75 | OK | |||
r-devel-linux-x86_64-fedora-gcc | 1.5.2 | 301.73 | OK | |||
r-devel-windows-x86_64 | 1.5.2 | 109.00 | 81.00 | 190.00 | OK | |
r-patched-linux-x86_64 | 1.5.2 | 115.44 | 26.12 | 141.56 | OK | |
r-release-linux-x86_64 | 1.5.2 | 111.27 | 26.41 | 137.68 | OK | |
r-release-macos-arm64 | 1.5.2 | 96.00 | NOTE | |||
r-release-macos-x86_64 | 1.5.2 | 143.00 | NOTE | |||
r-release-windows-x86_64 | 1.5.2 | 107.00 | 82.00 | 189.00 | OK | |
r-oldrel-macos-arm64 | 1.5.2 | 85.00 | NOTE | |||
r-oldrel-macos-x86_64 | 1.5.2 | 127.00 | NOTE | |||
r-oldrel-windows-x86_64 | 1.5.2 | 99.00 | 89.00 | 188.00 | OK |
Version: 1.5.2
Check: installed package size
Result: NOTE
installed size is 12.8Mb
sub-directories of 1Mb or more:
libs 12.5Mb
Flavors: r-release-macos-arm64, r-release-macos-x86_64, r-oldrel-macos-arm64, r-oldrel-macos-x86_64