Last updated on 2024-06-14 13:56:23 CEST.
Flavor | Version | Tinstall | Tcheck | Ttotal | Status | Flags |
---|---|---|---|---|---|---|
r-devel-linux-x86_64-debian-clang | 0.0.8 | 15.31 | 52.40 | 67.71 | OK | |
r-devel-linux-x86_64-debian-gcc | 0.0.8 | 13.06 | 40.73 | 53.79 | OK | |
r-devel-linux-x86_64-fedora-clang | 0.0.8 | 91.88 | OK | |||
r-devel-linux-x86_64-fedora-gcc | 0.0.8 | 83.22 | OK | |||
r-devel-windows-x86_64 | 0.0.8 | 12.00 | 72.00 | 84.00 | NOTE | |
r-patched-linux-x86_64 | 0.0.8 | 15.68 | 50.86 | 66.54 | OK | |
r-release-linux-x86_64 | 0.0.8 | 14.77 | 51.87 | 66.64 | OK | |
r-release-macos-arm64 | 0.0.8 | 31.00 | OK | |||
r-release-macos-x86_64 | 0.0.8 | 40.00 | OK | |||
r-release-windows-x86_64 | 0.0.8 | 12.00 | 74.00 | 86.00 | NOTE | |
r-oldrel-macos-arm64 | 0.0.8 | 31.00 | OK | |||
r-oldrel-macos-x86_64 | 0.0.8 | 50.00 | OK | |||
r-oldrel-windows-x86_64 | 0.0.8 | 16.00 | 84.00 | 100.00 | NOTE |
Version: 0.0.8
Check: package dependencies
Result: NOTE
Package suggested but not available for checking: 'rsyslog'
Flavors: r-devel-windows-x86_64, r-release-windows-x86_64, r-oldrel-windows-x86_64