Last updated on 2024-08-16 00:48:24 CEST.
Flavor | Version | Tinstall | Tcheck | Ttotal | Status | Flags |
---|---|---|---|---|---|---|
r-devel-linux-x86_64-debian-clang | 0.1.4 | 21.18 | 389.77 | 410.95 | NOTE | |
r-devel-linux-x86_64-debian-gcc | 0.1.4 | 13.77 | 240.04 | 253.81 | NOTE | |
r-devel-linux-x86_64-fedora-clang | 0.1.4 | 816.04 | OK | |||
r-devel-linux-x86_64-fedora-gcc | 0.1.4 | 771.08 | OK | |||
r-devel-windows-x86_64 | 0.1.4 | 26.00 | 385.00 | 411.00 | NOTE | |
r-patched-linux-x86_64 | 0.1.4 | 23.22 | 427.57 | 450.79 | OK | |
r-release-linux-x86_64 | 0.1.4 | 18.97 | 420.70 | 439.67 | OK | |
r-release-macos-arm64 | 0.1.4 | 153.00 | OK | |||
r-release-macos-x86_64 | 0.1.4 | 294.00 | OK | |||
r-release-windows-x86_64 | 0.1.4 | 26.00 | 389.00 | 415.00 | OK | |
r-oldrel-macos-arm64 | 0.1.4 | 168.00 | OK | |||
r-oldrel-macos-x86_64 | 0.1.4 | 381.00 | OK | |||
r-oldrel-windows-x86_64 | 0.1.4 | 31.00 | 551.00 | 582.00 | OK |
Version: 0.1.4
Check: Rd cross-references
Result: NOTE
Found the following Rd file(s) with Rd \link{} targets missing package
anchors:
plot.lpcde.Rd: ggplot2
Please provide package anchors for all Rd \link{} targets not in the
package itself and the base packages.
Flavors: r-devel-linux-x86_64-debian-clang, r-devel-linux-x86_64-debian-gcc, r-devel-windows-x86_64