Last updated on 2024-08-16 00:48:25 CEST.
Flavor | Version | Tinstall | Tcheck | Ttotal | Status | Flags |
---|---|---|---|---|---|---|
r-devel-linux-x86_64-debian-clang | 0.1.1 | 34.84 | 300.74 | 335.58 | OK | |
r-devel-linux-x86_64-debian-gcc | 0.1.1 | 26.39 | 195.49 | 221.88 | OK | |
r-devel-linux-x86_64-fedora-clang | 0.1.1 | 547.49 | OK | |||
r-devel-linux-x86_64-fedora-gcc | 0.1.1 | 511.27 | OK | |||
r-devel-windows-x86_64 | 0.1.1 | 34.00 | 228.00 | 262.00 | OK | |
r-patched-linux-x86_64 | 0.1.1 | 34.72 | 285.70 | 320.42 | OK | |
r-release-linux-x86_64 | 0.1.1 | 33.53 | 296.15 | 329.68 | OK | |
r-release-macos-arm64 | 0.1.1 | 112.00 | OK | |||
r-release-macos-x86_64 | 0.1.1 | 174.00 | OK | |||
r-release-windows-x86_64 | 0.1.1 | 33.00 | 229.00 | 262.00 | OK | |
r-oldrel-macos-arm64 | 0.1.1 | 11.00 | ERROR | |||
r-oldrel-macos-x86_64 | 0.1.1 | 12.00 | ERROR | |||
r-oldrel-windows-x86_64 | 0.1.1 | 47.00 | 317.00 | 364.00 | OK |
Version: 0.1.1
Check: package dependencies
Result: ERROR
Package required but not available: ‘InteractiveComplexHeatmap’
See section ‘The DESCRIPTION file’ in the ‘Writing R Extensions’
manual.
Flavors: r-oldrel-macos-arm64, r-oldrel-macos-x86_64