Last updated on 2024-06-14 13:56:25 CEST.
Flavor | Version | Tinstall | Tcheck | Ttotal | Status | Flags |
---|---|---|---|---|---|---|
r-devel-linux-x86_64-debian-clang | 0.6.4 | 109.02 | 125.74 | 234.76 | OK | |
r-devel-linux-x86_64-debian-gcc | 0.6.4 | 76.27 | 95.20 | 171.47 | OK | |
r-devel-linux-x86_64-fedora-clang | 0.6.4 | 340.19 | OK | |||
r-devel-linux-x86_64-fedora-gcc | 0.6.4 | 346.48 | OK | |||
r-devel-windows-x86_64 | 0.6.4 | 87.00 | 140.00 | 227.00 | OK | |
r-patched-linux-x86_64 | 0.6.4 | 90.68 | 127.03 | 217.71 | OK | |
r-release-linux-x86_64 | 0.6.4 | 89.78 | 123.48 | 213.26 | OK | |
r-release-macos-arm64 | 0.6.4 | 74.00 | NOTE | |||
r-release-macos-x86_64 | 0.6.4 | 103.00 | NOTE | |||
r-release-windows-x86_64 | 0.6.4 | 86.00 | 148.00 | 234.00 | OK | |
r-oldrel-macos-arm64 | 0.6.4 | 70.00 | NOTE | |||
r-oldrel-macos-x86_64 | 0.6.4 | 134.00 | NOTE | |||
r-oldrel-windows-x86_64 | 0.6.4 | 109.00 | 167.00 | 276.00 | OK |
Version: 0.6.4
Check: installed package size
Result: NOTE
installed size is 6.2Mb
sub-directories of 1Mb or more:
libs 3.0Mb
raster 2.2Mb
Flavors: r-release-macos-arm64, r-release-macos-x86_64, r-oldrel-macos-arm64, r-oldrel-macos-x86_64